{"id":1760,"date":"2021-06-30T16:25:33","date_gmt":"2021-06-30T19:25:33","guid":{"rendered":"https:\/\/deltamed.cl\/tienda\/?post_type=product&#038;p=1760"},"modified":"2026-03-26T11:56:10","modified_gmt":"2026-03-26T14:56:10","slug":"aposito-espuma-hidrofila-10x10cm-cranberry","status":"publish","type":"product","link":"https:\/\/deltamed.cl\/tienda\/producto\/aposito-espuma-hidrofila-10x10cm-cranberry\/","title":{"rendered":"Ap\u00f3sito espuma hidr\u00f3fila 10x10cm Cranberry"},"content":{"rendered":"<p>Ap\u00f3sito espuma hidr\u00f3fila 10&#215;10 Cranberry<br \/>\n<strong>caja x 10 unidades<\/strong><\/p>\n<p>La espuma es un ap\u00f3sito interactivo tipo almohadilla, con un tejido estrecho, cuya principal caracter\u00edsticas es absorber abundante exudado de la herida, conservando a su vez la humedad basal necesaria para fomentar la granulaci\u00f3n del tejido y posterior cicatrizaci\u00f3n. Su tejido permite mantener la correcta oxigenaci\u00f3n y temperatura en la herida, lo que tambi\u00e9n favorece la angiog\u00e9nesis. Se usa para heridas o \u00falceras con moderado o abundante exudado. Producto de un solo uso, no reutilizable.<\/p>\n<p>Medidas: 10cm x 10 cm<\/p>\n<p>Caja contiene 10 unidades<\/p>\n<p>&#8211; Absorci\u00f3n: Moderado a abundante.<br \/>\n&#8211; Humedad: Mantiene humedad de excelente manera, sin macerar los bordes sanos.<br \/>\n&#8211; Mantenci\u00f3n de temperatura: Mantiene temperatura fisiol\u00edgica.<br \/>\n&#8211; Acci\u00f3n fibrinol\u00edtica: Baja acci\u00f3n para retirar tejido de fibrina o esfac\u00e9lado (tejido desvitalizado o muerto de una herida).<br \/>\n&#8211; Requiere ap\u00f3sito secundario: Siempre requiere ap\u00f3sito secundario, ya que la espuma arrastra l\u00edquido y se debe evitar la maceraci\u00f3n de la piel circundante.<\/p>\n<p>AAAPES10<\/p>\n","protected":false},"excerpt":{"rendered":"<p>Ap\u00f3sito espuma hidr\u00f3fila 10&#215;10 Cranberry<br \/>\n<strong>caja x 10 unidades<\/strong><\/p>\n<p>La espuma es un ap\u00f3sito interactivo tipo almohadilla, con un tejido estrecho, cuya principal caracter\u00edsticas es absorber abundante exudado de la herida, conservando a su vez la humedad basal necesaria para fomentar la granulaci\u00f3n del tejido y posterior cicatrizaci\u00f3n. Su tejido permite mantener la correcta oxigenaci\u00f3n y temperatura en la herida, lo que tambi\u00e9n favorece la angiog\u00e9nesis. Se usa para heridas o \u00falceras con moderado o abundante exudado. Producto de un solo uso, no reutilizable.<\/p>\n<p>Medidas: 10cm x 10 cm<\/p>\n<p>Caja contiene 10 unidades<\/p>\n","protected":false},"featured_media":1771,"comment_status":"open","ping_status":"closed","template":"","meta":{"_acf_changed":false},"product_brand":[1087],"product_cat":[94,371,36],"product_tag":[107,119,105,815,615,816],"class_list":{"0":"post-1760","1":"product","2":"type-product","3":"status-publish","4":"has-post-thumbnail","6":"product_brand-cranberry","7":"product_cat-insumos-desechables","8":"product_cat-apositos-gasas","9":"product_cat-tratamiento-de-herida","10":"product_tag-aposito","11":"product_tag-cranberry","12":"product_tag-escara","13":"product_tag-ulcera","14":"product_tag-ulcera-por-presion","15":"product_tag-upp","16":"product_shipping_class-pequeno","18":"first","19":"instock","20":"sale","21":"shipping-taxable","22":"purchasable","23":"product-type-simple"},"acf":[],"_links":{"self":[{"href":"https:\/\/deltamed.cl\/tienda\/wp-json\/wp\/v2\/product\/1760","targetHints":{"allow":["GET"]}}],"collection":[{"href":"https:\/\/deltamed.cl\/tienda\/wp-json\/wp\/v2\/product"}],"about":[{"href":"https:\/\/deltamed.cl\/tienda\/wp-json\/wp\/v2\/types\/product"}],"replies":[{"embeddable":true,"href":"https:\/\/deltamed.cl\/tienda\/wp-json\/wp\/v2\/comments?post=1760"}],"version-history":[{"count":3,"href":"https:\/\/deltamed.cl\/tienda\/wp-json\/wp\/v2\/product\/1760\/revisions"}],"predecessor-version":[{"id":12656,"href":"https:\/\/deltamed.cl\/tienda\/wp-json\/wp\/v2\/product\/1760\/revisions\/12656"}],"wp:featuredmedia":[{"embeddable":true,"href":"https:\/\/deltamed.cl\/tienda\/wp-json\/wp\/v2\/media\/1771"}],"wp:attachment":[{"href":"https:\/\/deltamed.cl\/tienda\/wp-json\/wp\/v2\/media?parent=1760"}],"wp:term":[{"taxonomy":"product_brand","embeddable":true,"href":"https:\/\/deltamed.cl\/tienda\/wp-json\/wp\/v2\/product_brand?post=1760"},{"taxonomy":"product_cat","embeddable":true,"href":"https:\/\/deltamed.cl\/tienda\/wp-json\/wp\/v2\/product_cat?post=1760"},{"taxonomy":"product_tag","embeddable":true,"href":"https:\/\/deltamed.cl\/tienda\/wp-json\/wp\/v2\/product_tag?post=1760"}],"curies":[{"name":"wp","href":"https:\/\/api.w.org\/{rel}","templated":true}]}}