{"id":16561,"date":"2025-03-25T09:32:18","date_gmt":"2025-03-25T12:32:18","guid":{"rendered":"https:\/\/deltamed.cl\/tienda\/?post_type=product&#038;p=16561"},"modified":"2026-02-27T13:28:55","modified_gmt":"2026-02-27T16:28:55","slug":"baston-codera-fija-uberlangue","status":"publish","type":"product","link":"https:\/\/deltamed.cl\/tienda\/producto\/baston-codera-fija-uberlangue\/","title":{"rendered":"Bast\u00f3n codera fija uberlangue"},"content":{"rendered":"<p>Bast\u00f3n Codera Fija Uberlangue<\/p>\n<p>Estructura liviana con empu\u00f1adura suave, para favorecer un agarre seguro y \u00f3ptimo.<\/p>\n<p>Es una opci\u00f3n para mejorar la locomoci\u00f3n y movilizaci\u00f3n de las personas. Este funciona brindando apoyo y soporte complementario al cuerpo mientras la persona camina.<\/p>\n<p>Suele utilizarse cuando el cuerpo no logra tener sost\u00e9n y necesita un suplemento terap\u00e9utico.<\/p>\n<p>Con regulaci\u00f3n inferior para favorecer un \u00f3ptimo posicionamiento<\/p>\n<p><b>CARACTERISTICAS:<\/b><\/p>\n<ul>\n<li style=\"font-weight: 400\"><span style=\"font-weight: 400\">Estructura tubular en aluminio anodizado de alta resistencia.<\/span><\/li>\n<li style=\"font-weight: 400\"><span style=\"font-weight: 400\">Debido a su gran capacidad de regulaci\u00f3n puede ser usado por personas de estatura peque\u00f1a, <\/span>mediana y alta.<\/li>\n<li style=\"font-weight: 400\">Empu\u00f1adora a codo.<\/li>\n<li style=\"font-weight: 400\"><span style=\"font-weight: 400\">Codera fija fabricada en Nylon, resina de alta resistencia.<\/span><\/li>\n<li style=\"font-weight: 400\"><span style=\"font-weight: 400\">Empu\u00f1adura anat\u00f3mica fija<\/span><\/li>\n<li style=\"font-weight: 400\"><span style=\"font-weight: 400\">Regat\u00f3n fabricado en goma y caucho antideslizante en la base, contiene en el interior una placa que reduce el ruido<\/span><\/li>\n<li style=\"font-weight: 400\"><span style=\"font-weight: 400\">Sistema de seguros (anillo \/ bot\u00f3n) para cada una de los rangos de regulaci\u00f3n.<\/span><\/li>\n<li style=\"font-weight: 400\"><span style=\"font-weight: 400\">Manipulable sin herramientas.<\/span><\/li>\n<\/ul>\n<p><b>\u00a0ESPECIFICACIONES T\u00c9CNICAS:<\/b><span style=\"font-weight: 400\">\u00a0<\/span><\/p>\n<table>\n<tbody>\n<tr>\n<td><b>Descripci\u00f3n<\/b><\/td>\n<td><b>Cent\u00edmetros Aprox.<\/b><\/td>\n<\/tr>\n<tr>\n<td><span style=\"font-weight: 400\">Regulaci\u00f3n inferior<\/span><\/td>\n<td><span style=\"font-weight: 400\">10 ajustes de altura en total<\/span><\/td>\n<\/tr>\n<tr>\n<td><span style=\"font-weight: 400\">Peso m\u00e1ximo<\/span><\/td>\n<td><span style=\"font-weight: 400\">130KG<\/span><\/td>\n<\/tr>\n<tr>\n<td><span style=\"font-weight: 400\">Altura m\u00ednima del suelo a empu\u00f1adura\u00a0<\/span><\/td>\n<td><span style=\"font-weight: 400\">85 cm<\/span><\/td>\n<\/tr>\n<tr>\n<td><span style=\"font-weight: 400\">Altura m\u00e1xima del suelo a la empu\u00f1adura\u00a0<\/span><\/td>\n<td><span style=\"font-weight: 400\">108 cm<\/span><\/td>\n<\/tr>\n<tr>\n<td><span style=\"font-weight: 400\">Altura m\u00ednima\/m\u00e1xima de la empu\u00f1adura a la codera\u00a0<\/span><\/td>\n<td><span style=\"font-weight: 400\">24 cm<\/span><\/td>\n<\/tr>\n<tr>\n<td><span style=\"font-weight: 400\">Altura m\u00e1xima del bast\u00f3n\u00a0<\/span><\/td>\n<td>132 cm<\/td>\n<\/tr>\n<tr>\n<td><\/td>\n<td><\/td>\n<\/tr>\n<\/tbody>\n<\/table>\n<p>&nbsp;<\/p>\n","protected":false},"excerpt":{"rendered":"<p>Bast\u00f3n Codera Fija Uberlangue<\/p>\n<p>Estructura liviana con empu\u00f1adura suave, para favorecer un agarre seguro y \u00f3ptimo.<\/p>\n<p>Es una opci\u00f3n para mejorar la locomoci\u00f3n y movilizaci\u00f3n de las personas. Este funciona brindando apoyo y soporte complementario al cuerpo mientras la persona camina.<\/p>\n<p>Suele utilizarse cuando el cuerpo no logra tener sost\u00e9n y necesita un suplemento terap\u00e9utico.<\/p>\n<p>Con regulaci\u00f3n inferior para favorecer un \u00f3ptimo posicionamiento<\/p>\n<p><b>PA\u00cdS DE FABRICACI\u00d3N: \u00a0 ALEMANIA <\/b><\/p>\n","protected":false},"featured_media":16589,"comment_status":"open","ping_status":"closed","template":"","meta":{"_acf_changed":false},"product_brand":[1086],"product_cat":[1144,23,368],"product_tag":[],"class_list":{"0":"post-16561","1":"product","2":"type-product","3":"status-publish","4":"has-post-thumbnail","6":"product_brand-lifante","7":"product_cat-lifante","8":"product_cat-ayudas-tecnicas-de-bano","9":"product_cat-bastones","10":"fb_product_set-lifante","12":"first","13":"instock","14":"shipping-taxable","15":"purchasable","16":"product-type-simple"},"acf":[],"_links":{"self":[{"href":"https:\/\/deltamed.cl\/tienda\/wp-json\/wp\/v2\/product\/16561","targetHints":{"allow":["GET"]}}],"collection":[{"href":"https:\/\/deltamed.cl\/tienda\/wp-json\/wp\/v2\/product"}],"about":[{"href":"https:\/\/deltamed.cl\/tienda\/wp-json\/wp\/v2\/types\/product"}],"replies":[{"embeddable":true,"href":"https:\/\/deltamed.cl\/tienda\/wp-json\/wp\/v2\/comments?post=16561"}],"version-history":[{"count":8,"href":"https:\/\/deltamed.cl\/tienda\/wp-json\/wp\/v2\/product\/16561\/revisions"}],"predecessor-version":[{"id":17505,"href":"https:\/\/deltamed.cl\/tienda\/wp-json\/wp\/v2\/product\/16561\/revisions\/17505"}],"wp:featuredmedia":[{"embeddable":true,"href":"https:\/\/deltamed.cl\/tienda\/wp-json\/wp\/v2\/media\/16589"}],"wp:attachment":[{"href":"https:\/\/deltamed.cl\/tienda\/wp-json\/wp\/v2\/media?parent=16561"}],"wp:term":[{"taxonomy":"product_brand","embeddable":true,"href":"https:\/\/deltamed.cl\/tienda\/wp-json\/wp\/v2\/product_brand?post=16561"},{"taxonomy":"product_cat","embeddable":true,"href":"https:\/\/deltamed.cl\/tienda\/wp-json\/wp\/v2\/product_cat?post=16561"},{"taxonomy":"product_tag","embeddable":true,"href":"https:\/\/deltamed.cl\/tienda\/wp-json\/wp\/v2\/product_tag?post=16561"}],"curies":[{"name":"wp","href":"https:\/\/api.w.org\/{rel}","templated":true}]}}