{"id":16088,"date":"2023-04-12T20:10:25","date_gmt":"2023-04-12T23:10:25","guid":{"rendered":"https:\/\/deltamed.cl\/tienda\/producto\/silla-de-ducha-con-respaldo-y-apoya-brazos\/"},"modified":"2026-02-27T13:52:44","modified_gmt":"2026-02-27T16:52:44","slug":"silla-de-ducha-con-respaldo-y-apoya-brazos","status":"publish","type":"product","link":"https:\/\/deltamed.cl\/tienda\/producto\/silla-de-ducha-con-respaldo-y-apoya-brazos\/","title":{"rendered":"Silla de ducha con respaldo y apoya brazos"},"content":{"rendered":"<p>Silla De Ducha Con Respaldo Y Apoya Brazos<\/p>\n<p>Silla de ducha con estructura de aluminio extra resistente, indicada para el interior del plato de ducha, garantiza comodidad y seguridad al usuario a la hora del aseo. Consta de regatones antideslizantes para zonas h\u00famedas. El asiento en forma de \u00abU\u00bb (escotadura) permite poder acceder a las partes \u00edntimas para un aseo completo.<\/p>\n<p>Caracter\u00edsticas:<\/p>\n<ul>\n<li>Estructura tubular en aluminio anodizado. Articulado y plegable.<\/li>\n<li>Asiento de pl\u00e1stico desmontable con perforaci\u00f3n.<\/li>\n<li>Respaldo desmontable para mayor comodidad con perforaci\u00f3n.<\/li>\n<li>Altura Regulable de f\u00e1cil ajuste, seg\u00fan estatura de la persona con:<br \/>\no Sistema de Bot\u00f3n, para un f\u00e1cil y r\u00e1pido plegado.<br \/>\no Medio de fijaci\u00f3n seguro en cualquier posici\u00f3n.<br \/>\no Manipulable sin uso de herramientas.<\/li>\n<li>Con 4 regatones (tacos) de goma antideslizantes en los puntos de apoyo.<\/li>\n<li>Empu\u00f1aduras ergon\u00f3micas y antideslizantes para dar mayor seguridad en el agarre.<\/li>\n<li>Cuenta con manual de uso.<\/li>\n<\/ul>\n<p>Medidas:<\/p>\n<ul>\n<li>Ancho total 56.5cm<\/li>\n<li>Ancho asiento 40cm<\/li>\n<li>Fondo total 52cm<\/li>\n<li>Fondo asiento 40cm<\/li>\n<li>Altura m\u00ednima 46cm<\/li>\n<li>Altura m\u00e1xima 54cm<\/li>\n<li>Peso m\u00e1ximo de usuario 120kg<\/li>\n<li>Peso total 4.6kg<\/li>\n<\/ul>\n","protected":false},"excerpt":{"rendered":"<p>Silla De Ducha Con Respaldo Y Apoya Brazos<\/p>\n<p>Silla de ducha con estructura de aluminio extra resistente, indicada para el interior del plato de ducha, garantiza comodidad y seguridad al usuario a la hora del aseo. Consta de regatones antideslizantes para zonas h\u00famedas.<\/p>\n<p>Medidas:<\/p>\n<ul>\n<li>Ancho total 56.5cm<\/li>\n<li>Ancho asiento 40cm<\/li>\n<li>Fondo total 52cm<\/li>\n<li>Fondo asiento 40cm<\/li>\n<li>Altura m\u00ednima 46cm<\/li>\n<li>Altura m\u00e1xima 54cm<\/li>\n<li>Peso m\u00e1ximo de usuario 120kg<\/li>\n<li>Peso total 4.6kg<\/li>\n<\/ul>\n","protected":false},"featured_media":16089,"comment_status":"open","ping_status":"closed","template":"","meta":{"_acf_changed":false},"product_brand":[1086],"product_cat":[1030,1031,1032],"product_tag":[950],"class_list":{"0":"post-16088","1":"product","2":"type-product","3":"status-publish","4":"has-post-thumbnail","6":"product_brand-lifante","7":"product_cat-ayudas-diarias","8":"product_cat-bano","9":"product_cat-sillas-bano","10":"product_tag-lifante","11":"pa_ayudas-diarias-bano","12":"pa_marca-ayudas-diarias-sunshine","14":"first","15":"instock","16":"shipping-taxable","17":"purchasable","18":"product-type-simple"},"acf":[],"_links":{"self":[{"href":"https:\/\/deltamed.cl\/tienda\/wp-json\/wp\/v2\/product\/16088","targetHints":{"allow":["GET"]}}],"collection":[{"href":"https:\/\/deltamed.cl\/tienda\/wp-json\/wp\/v2\/product"}],"about":[{"href":"https:\/\/deltamed.cl\/tienda\/wp-json\/wp\/v2\/types\/product"}],"replies":[{"embeddable":true,"href":"https:\/\/deltamed.cl\/tienda\/wp-json\/wp\/v2\/comments?post=16088"}],"version-history":[{"count":5,"href":"https:\/\/deltamed.cl\/tienda\/wp-json\/wp\/v2\/product\/16088\/revisions"}],"predecessor-version":[{"id":17438,"href":"https:\/\/deltamed.cl\/tienda\/wp-json\/wp\/v2\/product\/16088\/revisions\/17438"}],"wp:featuredmedia":[{"embeddable":true,"href":"https:\/\/deltamed.cl\/tienda\/wp-json\/wp\/v2\/media\/16089"}],"wp:attachment":[{"href":"https:\/\/deltamed.cl\/tienda\/wp-json\/wp\/v2\/media?parent=16088"}],"wp:term":[{"taxonomy":"product_brand","embeddable":true,"href":"https:\/\/deltamed.cl\/tienda\/wp-json\/wp\/v2\/product_brand?post=16088"},{"taxonomy":"product_cat","embeddable":true,"href":"https:\/\/deltamed.cl\/tienda\/wp-json\/wp\/v2\/product_cat?post=16088"},{"taxonomy":"product_tag","embeddable":true,"href":"https:\/\/deltamed.cl\/tienda\/wp-json\/wp\/v2\/product_tag?post=16088"}],"curies":[{"name":"wp","href":"https:\/\/api.w.org\/{rel}","templated":true}]}}