{"id":16019,"date":"2023-03-29T18:22:41","date_gmt":"2023-03-29T21:22:41","guid":{"rendered":"https:\/\/deltamed.cl\/tienda\/producto\/silla-de-ruedas-mc-basic\/"},"modified":"2026-03-24T16:46:07","modified_gmt":"2026-03-24T19:46:07","slug":"silla-de-ruedas-mc-basic","status":"publish","type":"product","link":"https:\/\/deltamed.cl\/tienda\/producto\/silla-de-ruedas-mc-basic\/","title":{"rendered":"Silla de ruedas mc basic"},"content":{"rendered":"<p>Silla De Ruedas MC Basic<\/p>\n<p>La\u00a0silla de ruedas el\u00e9ctrica Mc Basic\u00a0de exterior e interior ha sido dise\u00f1ada para agilizar y facilitar la movilidad de usuarios con\u00a0problemas de movilidad, as\u00ed como para aumentar su independencia, incluso cuando el usuario no tiene buena movilidad en las extremidades superiores y necesita o desea una movilidad autom\u00e1tica.<\/p>\n<p>Tambi\u00e9n est\u00e1 dedicada a aquellos usuarios que busquen una\u00a0silla de ruedas\u00a0compacta, plegable y f\u00e1cil de manejar, de transportar y de almacenar. En ese caso, esta silla de ruedas es perfecta para casas con poco espacio de almacenamiento, para pasos estrechos y para viajar.<\/p>\n<p>Ha sido fabricada con materiales de \u00f3ptima calidad que aseguran su funcionalidad y durabilidad en el tiempo, adem\u00e1s de un dise\u00f1o compacto que la dota de gran maniobrabilidad en pasos estrechos, aunque no menos resistente, pues soporta hasta 120kg de peso del usuario. Dispone de ruedas de traslado que son propulsadas por dos motores de 300W con garant\u00eda Meyra, manejadas por un <em>joystick<\/em>\u00a0VR2\u00a0de c\u00f3modo manejo, gracias a que es abatible y ajustable en altura y profundidad, con sistema antirrobo y 5 velocidades (hasta 10km\/h).<\/p>\n<p>Las ruedas, anti-vuelco y anti-pinchazos, tienen un radio de giro de 840mm, y pueden sustituirse con ruedas de mayor tama\u00f1o. La seguridad es mayor gracias, a su vez, a las luces led delanteras y traseras que aumentan la autonom\u00eda del usuario incluso en espacios de nula visibilidad.<\/p>\n<p>Disponible solo en talla 43 cm de ancho de asiento y en color negro. Contamos con modelo de 6 km y de 10 km<\/p>\n","protected":false},"excerpt":{"rendered":"<p>Silla De Ruedas MC Basic<\/p>\n<p>La\u00a0silla de ruedas el\u00e9ctrica Mc Basic\u00a0de exterior e interior ha sido dise\u00f1ada para agilizar y facilitar la movilidad de usuarios con\u00a0problemas de movilidad, as\u00ed como para aumentar su independencia, incluso cuando el usuario no tiene buena movilidad en las extremidades superiores y necesita o desea una movilidad autom\u00e1tica.<\/p>\n<p>Disponible solo en talla 43 cm de ancho de asiento y en color negro. Contamos con modelo de 6 km y de 10 km<\/p>\n","protected":false},"featured_media":16020,"comment_status":"open","ping_status":"closed","template":"","meta":{"_acf_changed":false},"product_brand":[1086],"product_cat":[970,1200,930,971],"product_tag":[950,462],"class_list":{"0":"post-16019","1":"product","2":"type-product","3":"status-publish","4":"has-post-thumbnail","6":"product_brand-lifante","7":"product_cat-electricas","8":"product_cat-ofertas-2026","9":"product_cat-sillas-de-ruedas-2","10":"product_cat-sillas-electricas","11":"product_tag-lifante","12":"product_tag-silla-de-rueda-electrica","13":"product_shipping_class-extra-grande","14":"pa_ancho-de-asiento-43-cm","15":"pa_marca-sillas-de-rueda-meyra","16":"pa_silla-de-ruedas-electricas","18":"first","19":"instock","20":"sale","21":"shipping-taxable","22":"purchasable","23":"product-type-variable"},"acf":[],"_links":{"self":[{"href":"https:\/\/deltamed.cl\/tienda\/wp-json\/wp\/v2\/product\/16019","targetHints":{"allow":["GET"]}}],"collection":[{"href":"https:\/\/deltamed.cl\/tienda\/wp-json\/wp\/v2\/product"}],"about":[{"href":"https:\/\/deltamed.cl\/tienda\/wp-json\/wp\/v2\/types\/product"}],"replies":[{"embeddable":true,"href":"https:\/\/deltamed.cl\/tienda\/wp-json\/wp\/v2\/comments?post=16019"}],"version-history":[{"count":5,"href":"https:\/\/deltamed.cl\/tienda\/wp-json\/wp\/v2\/product\/16019\/revisions"}],"predecessor-version":[{"id":17742,"href":"https:\/\/deltamed.cl\/tienda\/wp-json\/wp\/v2\/product\/16019\/revisions\/17742"}],"wp:featuredmedia":[{"embeddable":true,"href":"https:\/\/deltamed.cl\/tienda\/wp-json\/wp\/v2\/media\/16020"}],"wp:attachment":[{"href":"https:\/\/deltamed.cl\/tienda\/wp-json\/wp\/v2\/media?parent=16019"}],"wp:term":[{"taxonomy":"product_brand","embeddable":true,"href":"https:\/\/deltamed.cl\/tienda\/wp-json\/wp\/v2\/product_brand?post=16019"},{"taxonomy":"product_cat","embeddable":true,"href":"https:\/\/deltamed.cl\/tienda\/wp-json\/wp\/v2\/product_cat?post=16019"},{"taxonomy":"product_tag","embeddable":true,"href":"https:\/\/deltamed.cl\/tienda\/wp-json\/wp\/v2\/product_tag?post=16019"}],"curies":[{"name":"wp","href":"https:\/\/api.w.org\/{rel}","templated":true}]}}