{"id":158,"date":"2020-12-10T23:58:59","date_gmt":"2020-12-11T02:58:59","guid":{"rendered":"https:\/\/deltamed.cl\/tienda\/?post_type=product&#038;p=158"},"modified":"2026-03-25T21:44:12","modified_gmt":"2026-03-26T00:44:12","slug":"lanceta-safe-t-pro-uno","status":"publish","type":"product","link":"https:\/\/deltamed.cl\/tienda\/producto\/lanceta-safe-t-pro-uno\/","title":{"rendered":"Lanceta safe T pro uno"},"content":{"rendered":"<p>Lanceta safe T pro uno<\/p>\n<p>. Lancetas est\u00e9riles desechables Accu-Chek Safe-T-Pro Uno<\/p>\n<p>CARACTER\u00cdSTICAS:<br \/>\n&#8211; De un solo uso<br \/>\n&#8211; Manejo sencillo y seguro<br \/>\n&#8211; Profundidad: 1,5mm<br \/>\n&#8211; Corte trifacetado para penetrar la piel con facilidad.<br \/>\n&#8211; Est\u00e9ril por radiaci\u00f3n gamma hasta 5 a\u00f1os<br \/>\n&#8211; Retracci\u00f3n autom\u00e1tica y permanente de la aguja<br \/>\n&#8211; Tiempo de punci\u00f3n en el aire: M\u00e1x. 3 mil\u00e9simas de segundo<br \/>\n&#8211; Todos los materiales cumplen las normas ISO pertinentes<br \/>\n&#8211; Aguja de acero inoxidable<br \/>\n&#8211; Recubrimiento de la aguja con silicona para facilitar la penetraci\u00f3n<br \/>\n&#8211; Bot\u00f3n de disparo, tap\u00f3n est\u00e9ril, carcasa y resorte en material pl\u00e1stico (polipropileno)<br \/>\n&#8211; Di\u00e1metro medio de la aguja: 28 G, 0.36 mm<br \/>\n&#8211; Contiene: 200 Lancetas Est\u00e9riles<\/p>\n","protected":false},"excerpt":{"rendered":"<p>Lanceta safe T pro uno<\/p>\n<p>Lancetas est\u00e9riles desechables Accu-Chek Safe-T-Pro Uno<br \/>\nCaja Incluye 200 unidades<br \/>\n\u2022 Lanceta de alta seguridad ideal para profesionales de la salud, con disparador integrado con un s\u00f3lo nivel de punci\u00f3n.<br \/>\n\u2022 Accu-Chek Safe T Pro One en un solo paso permite obtener la muestra necesaria de sangre con una mayor seguridad para el paciente.<br \/>\n\u2022 Dise\u00f1o en forma de T.<br \/>\n\u2022 Profundidad: Predeterminada, 1,5 mm<br \/>\n\u2022 Desecho: Un \u00fanico uso<br \/>\n\u2022 Uso para: Adultos, beb\u00e9s + 1 a\u00f1o, reci\u00e9n nacidos<\/p>\n","protected":false},"featured_media":159,"comment_status":"open","ping_status":"closed","template":"","meta":{"_acf_changed":false},"product_brand":[],"product_cat":[15,94],"product_tag":[71,69,70],"class_list":{"0":"post-158","1":"product","2":"type-product","3":"status-publish","4":"has-post-thumbnail","6":"product_cat-medicion-y-diagnostico","7":"product_cat-insumos-desechables","8":"product_tag-accucheck","9":"product_tag-lancetas","10":"product_tag-t-pro","11":"product_shipping_class-pequeno","13":"first","14":"instock","15":"shipping-taxable","16":"purchasable","17":"product-type-simple"},"acf":[],"_links":{"self":[{"href":"https:\/\/deltamed.cl\/tienda\/wp-json\/wp\/v2\/product\/158","targetHints":{"allow":["GET"]}}],"collection":[{"href":"https:\/\/deltamed.cl\/tienda\/wp-json\/wp\/v2\/product"}],"about":[{"href":"https:\/\/deltamed.cl\/tienda\/wp-json\/wp\/v2\/types\/product"}],"replies":[{"embeddable":true,"href":"https:\/\/deltamed.cl\/tienda\/wp-json\/wp\/v2\/comments?post=158"}],"version-history":[{"count":1,"href":"https:\/\/deltamed.cl\/tienda\/wp-json\/wp\/v2\/product\/158\/revisions"}],"predecessor-version":[{"id":8927,"href":"https:\/\/deltamed.cl\/tienda\/wp-json\/wp\/v2\/product\/158\/revisions\/8927"}],"wp:featuredmedia":[{"embeddable":true,"href":"https:\/\/deltamed.cl\/tienda\/wp-json\/wp\/v2\/media\/159"}],"wp:attachment":[{"href":"https:\/\/deltamed.cl\/tienda\/wp-json\/wp\/v2\/media?parent=158"}],"wp:term":[{"taxonomy":"product_brand","embeddable":true,"href":"https:\/\/deltamed.cl\/tienda\/wp-json\/wp\/v2\/product_brand?post=158"},{"taxonomy":"product_cat","embeddable":true,"href":"https:\/\/deltamed.cl\/tienda\/wp-json\/wp\/v2\/product_cat?post=158"},{"taxonomy":"product_tag","embeddable":true,"href":"https:\/\/deltamed.cl\/tienda\/wp-json\/wp\/v2\/product_tag?post=158"}],"curies":[{"name":"wp","href":"https:\/\/api.w.org\/{rel}","templated":true}]}}