{"id":15776,"date":"2023-04-26T14:35:41","date_gmt":"2023-04-26T17:35:41","guid":{"rendered":"https:\/\/deltamed.cl\/tienda\/producto\/modelo-grillo-posterior-pa\/"},"modified":"2026-02-27T13:28:55","modified_gmt":"2026-02-27T16:28:55","slug":"entrenador-de-marcha-grillo-posterior-pa","status":"publish","type":"product","link":"https:\/\/deltamed.cl\/tienda\/producto\/entrenador-de-marcha-grillo-posterior-pa\/","title":{"rendered":"Entrenador de marcha grillo posterior pa"},"content":{"rendered":"<p>Entrenador de marcha grillo posterior pa \/ Entrenador de marcha grillo modelo posterior pa<\/p>\n<p>Modelo grillo PA<br \/>\nOrmesa.<br \/>\nFabricacion Italiana.<\/p>\n<p>El andador Grillo es un andador dise\u00f1ado para personas con necesidades especiales, facilitando su desplazamiento con seguridad y estabilidad.<br \/>\nGracias a su estructura ajustable, se adapta a diferentes tallas, posturas y niveles de capacidad motriz. Su bastidor ligero cuenta con un sistema de plegado de un solo paso, lo que permite transportarlo y almacenarlo con facilidad. Las ruedas delanteras giratorias mejoran la maniobrabilidad, permitiendo movimientos m\u00e1s fluidos en distintos espacios.<br \/>\nIncluye apoyos regulables de tronco y pelvis, dise\u00f1ados para brindar estabilidad y favorecer una postura correcta. Adem\u00e1s, su arn\u00e9s ergon\u00f3mico, lavable a m\u00e1quina, proporciona un soporte seguro sin generar presi\u00f3n en la zona interna de los muslos ni en la ingle.<\/p>\n<p class=\"\" data-start=\"778\" data-end=\"931\">La barra de la manija es ajustable en altura, ofreciendo un agarre firme para un mejor control del andador y mayor autonom\u00eda en la movilidad del usuario.<\/p>\n<p class=\"\" data-start=\"0\" data-end=\"51\"><strong data-start=\"0\" data-end=\"49\">Caracter\u00edsticas :<\/strong><\/p>\n<p class=\"\" data-start=\"0\" data-end=\"51\">-Dise\u00f1o especializado: Entrenador de marcha para usuarios con necesidades especiales.<br \/>\n-Estructura ajustable: Permite adaptarse a distintas capacidades y requerimientos posturales.<br \/>\n-Bastidor plegable: Sistema de plegado de un solo paso para facilitar almacenamiento y transporte.<br \/>\n-Ruedas delanteras giratorias: Mejora la maniobrabilidad en diferentes superficies.<br \/>\n-Apoyos regulables: Soportes de tronco y pelvis que brindan estabilidad y seguridad.<br \/>\n-Arn\u00e9s ergon\u00f3mico lavable: Proporciona soporte sin presi\u00f3n en la ingle ni el muslo interno.<\/p>\n<p data-start=\"0\" data-end=\"51\">Caracter\u00edsticas claves de este modelo: tiene apoyo a nivel de caderas (sujeci\u00f3n tipo calz\u00f3n), adem\u00e1s de apoyos antebraquiales . Este modelo no tiene apoyo a nivel de tronco (para este caso revisar modelo PT). Mismo andador puede transformarse en anterior o posterior.<\/p>\n<p data-start=\"0\" data-end=\"51\">Tallas:<\/p>\n<p data-start=\"0\" data-end=\"51\">Talla Mini: para personas entre 75 cm y 95 cm, con un soporte m\u00e1ximo de peso de 35 KG<\/p>\n<p data-start=\"0\" data-end=\"51\">Talla S (1-2): para personas entre 90 cm y 135 cm, con un soporte m\u00e1ximo de peso de 45 KG<\/p>\n<p data-start=\"0\" data-end=\"51\">Talla M(3-4): para personas entre 110 cm y 165 cm, con un soporte m\u00e1ximo de peso de 90 KG<\/p>\n<p data-start=\"0\" data-end=\"51\">Talla L (5): para personas entre 150 cm y 190 cm, con un soporte m\u00e1ximo de peso de 110 KG<\/p>\n<p data-start=\"0\" data-end=\"51\">*SOLO DISPONIBLE TALLA 1-2 FORMATO POSTERIOR<\/p>\n<p data-start=\"0\" data-end=\"51\">*Cualquier otra configuraci\u00f3n queda sujeta a importaci\u00f3n, al igual que los valores.<\/p>\n","protected":false},"excerpt":{"rendered":"<p>Entrenador de marcha grillo posterior pa \/ Entrenador de marcha grillo modelo posterior pa<\/p>\n<p>Modelo grillo PA<br \/>\nOrmesa.<br \/>\nFabricaci\u00f3n Italiana.<\/p>\n<p>El andador Grillo es un andador dise\u00f1ado para personas con necesidades especiales, facilitando su desplazamiento con seguridad y estabilidad.<br \/>\nGracias a su estructura ajustable, se adapta a diferentes tallas, posturas y niveles de capacidad motriz. Su bastidor ligero cuenta con un sistema de plegado de un solo paso, lo que permite transportarlo y almacenarlo con facilidad. Las ruedas delanteras giratorias mejoran la maniobrabilidad, permitiendo movimientos m\u00e1s fluidos en distintos espacios.<br \/>\nIncluye apoyos regulables de tronco y pelvis, dise\u00f1ados para brindar estabilidad y favorecer una postura correcta. Adem\u00e1s, su arn\u00e9s ergon\u00f3mico, lavable a m\u00e1quina, proporciona un soporte seguro sin generar presi\u00f3n en la zona interna de los muslos ni en la ingle.<\/p>\n<p data-start=\"0\" data-end=\"51\">Tallas:<\/p>\n<p data-start=\"0\" data-end=\"51\">Talla Mini: para personas entre 75 cm y 95 cm, con un soporte m\u00e1ximo de peso de 35 KG<\/p>\n<p data-start=\"0\" data-end=\"51\">Talla S (1-2): para personas entre 90 cm y 135 cm, con un soporte m\u00e1ximo de peso de 45 KG<\/p>\n<p data-start=\"0\" data-end=\"51\">Talla M(3-4): para personas entre 110 cm y 165 cm, con un soporte m\u00e1ximo de peso de 90 KG<\/p>\n<p data-start=\"0\" data-end=\"51\">Talla L (5): para personas entre 150 cm y 190 cm, con un soporte m\u00e1ximo de peso de 110 KG<\/p>\n<p data-start=\"0\" data-end=\"51\">*SOLO DISPONIBLE TALLA 1-2 FORMATO POSTERIOR<\/p>\n<p data-start=\"0\" data-end=\"51\">*Cualquier otra configuraci\u00f3n queda sujeta a importaci\u00f3n, al igual que los valores.<\/p>\n","protected":false},"featured_media":15777,"comment_status":"open","ping_status":"closed","template":"","meta":{"_acf_changed":false},"product_brand":[1086],"product_cat":[1039,1144,1033,1020],"product_tag":[58,1132,1130],"class_list":{"0":"post-15776","1":"product","2":"type-product","3":"status-publish","4":"has-post-thumbnail","6":"product_brand-lifante","7":"product_cat-andador","8":"product_cat-lifante","9":"product_cat-movilidad-ninos","10":"product_cat-ninos","11":"product_tag-andador","12":"product_tag-andador-posterior","13":"product_tag-entrenador-de-marcha","14":"product_shipping_class-mediano","15":"pa_marcas-ninos-ormesa","16":"fb_product_set-lifante","18":"first","19":"instock","20":"featured","21":"shipping-taxable","22":"purchasable","23":"product-type-variable","24":"has-default-attributes"},"acf":[],"_links":{"self":[{"href":"https:\/\/deltamed.cl\/tienda\/wp-json\/wp\/v2\/product\/15776","targetHints":{"allow":["GET"]}}],"collection":[{"href":"https:\/\/deltamed.cl\/tienda\/wp-json\/wp\/v2\/product"}],"about":[{"href":"https:\/\/deltamed.cl\/tienda\/wp-json\/wp\/v2\/types\/product"}],"replies":[{"embeddable":true,"href":"https:\/\/deltamed.cl\/tienda\/wp-json\/wp\/v2\/comments?post=15776"}],"version-history":[{"count":10,"href":"https:\/\/deltamed.cl\/tienda\/wp-json\/wp\/v2\/product\/15776\/revisions"}],"predecessor-version":[{"id":17645,"href":"https:\/\/deltamed.cl\/tienda\/wp-json\/wp\/v2\/product\/15776\/revisions\/17645"}],"wp:featuredmedia":[{"embeddable":true,"href":"https:\/\/deltamed.cl\/tienda\/wp-json\/wp\/v2\/media\/15777"}],"wp:attachment":[{"href":"https:\/\/deltamed.cl\/tienda\/wp-json\/wp\/v2\/media?parent=15776"}],"wp:term":[{"taxonomy":"product_brand","embeddable":true,"href":"https:\/\/deltamed.cl\/tienda\/wp-json\/wp\/v2\/product_brand?post=15776"},{"taxonomy":"product_cat","embeddable":true,"href":"https:\/\/deltamed.cl\/tienda\/wp-json\/wp\/v2\/product_cat?post=15776"},{"taxonomy":"product_tag","embeddable":true,"href":"https:\/\/deltamed.cl\/tienda\/wp-json\/wp\/v2\/product_tag?post=15776"}],"curies":[{"name":"wp","href":"https:\/\/api.w.org\/{rel}","templated":true}]}}