{"id":15634,"date":"2023-04-12T20:11:33","date_gmt":"2023-04-12T23:11:33","guid":{"rendered":"https:\/\/deltamed.cl\/tienda\/producto\/silla-de-ducha-niza\/"},"modified":"2026-02-27T07:16:53","modified_gmt":"2026-02-27T10:16:53","slug":"silla-de-ducha-niza","status":"publish","type":"product","link":"https:\/\/deltamed.cl\/tienda\/producto\/silla-de-ducha-niza\/","title":{"rendered":"Silla de ducha Niza"},"content":{"rendered":"<p>Silla De Ducha Niza<\/p>\n<p>La silla de ducha Niza es un producto de apoyo para las personas que necesiten un poco de ayuda en su higiene diaria. En casos de problemas de movilidad, equilibrio o fuerza en las piernas, estar sentado mientras te aseas es una ventaja. Con esta silla para ducha puedes mantener tu autonom\u00eda en el aseo con total seguridad y estabilidad, evitando as\u00ed algunas complicaciones como son las ca\u00eddas.<\/p>\n<p>Principales caracter\u00edsticas:<\/p>\n<ul>\n<li>Superficie muy suave para la piel.<\/li>\n<li>El corte del asiento en la parte delantera facilita la higiene \u00edntima.<\/li>\n<li>Los reposabrazos altos le permiten un buen apoyo para as\u00ed levantarse sin esfuerzo.<\/li>\n<li>Su c\u00f3modo respaldo le permitir\u00e1 relajarse.<\/li>\n<li>7 ajustes de nivel de altura.<\/li>\n<li>Se ensambla r\u00e1pido sin herramientas para poder trasladarlo f\u00e1cilmente al viajar.<\/li>\n<li>F\u00e1cil para limpiar.<\/li>\n<\/ul>\n","protected":false},"excerpt":{"rendered":"<p>Silla De Ducha Niza<\/p>\n<p>La silla de ducha Niza es un producto de apoyo para las personas que necesiten un poco de ayuda en su higiene diaria. En casos de problemas de movilidad, equilibrio o fuerza en las piernas, estar sentado mientras te aseas es una ventaja.<\/p>\n","protected":false},"featured_media":15635,"comment_status":"open","ping_status":"closed","template":"","meta":{"_acf_changed":false},"product_brand":[1086],"product_cat":[1030,1031,1032],"product_tag":[950],"class_list":{"0":"post-15634","1":"product","2":"type-product","3":"status-publish","4":"has-post-thumbnail","6":"product_brand-lifante","7":"product_cat-ayudas-diarias","8":"product_cat-bano","9":"product_cat-sillas-bano","10":"product_tag-lifante","11":"pa_ayudas-diarias-bano","12":"pa_marca-ayudas-diarias-rebotec","14":"first","15":"outofstock","16":"shipping-taxable","17":"purchasable","18":"product-type-simple"},"acf":[],"_links":{"self":[{"href":"https:\/\/deltamed.cl\/tienda\/wp-json\/wp\/v2\/product\/15634","targetHints":{"allow":["GET"]}}],"collection":[{"href":"https:\/\/deltamed.cl\/tienda\/wp-json\/wp\/v2\/product"}],"about":[{"href":"https:\/\/deltamed.cl\/tienda\/wp-json\/wp\/v2\/types\/product"}],"replies":[{"embeddable":true,"href":"https:\/\/deltamed.cl\/tienda\/wp-json\/wp\/v2\/comments?post=15634"}],"version-history":[{"count":3,"href":"https:\/\/deltamed.cl\/tienda\/wp-json\/wp\/v2\/product\/15634\/revisions"}],"predecessor-version":[{"id":17150,"href":"https:\/\/deltamed.cl\/tienda\/wp-json\/wp\/v2\/product\/15634\/revisions\/17150"}],"wp:featuredmedia":[{"embeddable":true,"href":"https:\/\/deltamed.cl\/tienda\/wp-json\/wp\/v2\/media\/15635"}],"wp:attachment":[{"href":"https:\/\/deltamed.cl\/tienda\/wp-json\/wp\/v2\/media?parent=15634"}],"wp:term":[{"taxonomy":"product_brand","embeddable":true,"href":"https:\/\/deltamed.cl\/tienda\/wp-json\/wp\/v2\/product_brand?post=15634"},{"taxonomy":"product_cat","embeddable":true,"href":"https:\/\/deltamed.cl\/tienda\/wp-json\/wp\/v2\/product_cat?post=15634"},{"taxonomy":"product_tag","embeddable":true,"href":"https:\/\/deltamed.cl\/tienda\/wp-json\/wp\/v2\/product_tag?post=15634"}],"curies":[{"name":"wp","href":"https:\/\/api.w.org\/{rel}","templated":true}]}}