{"id":15591,"date":"2023-04-12T16:00:31","date_gmt":"2023-04-12T19:00:31","guid":{"rendered":"https:\/\/deltamed.cl\/tienda\/producto\/codera-movil-safe-in-adulto\/"},"modified":"2026-02-27T07:16:53","modified_gmt":"2026-02-27T10:16:53","slug":"codera-movil-safe-in-adulto","status":"publish","type":"product","link":"https:\/\/deltamed.cl\/tienda\/producto\/codera-movil-safe-in-adulto\/","title":{"rendered":"Bast\u00f3n codera m\u00f3vil safe in"},"content":{"rendered":"<p>Bast\u00f3n Codera M\u00f3vil Safe In<\/p>\n<p>Es una opci\u00f3n para mejorar la locomoci\u00f3n y movilizaci\u00f3n de las personas. Este funciona brindando apoyo y soporte complementario al cuerpo mientras la persona camina. Suele utilizarse cuando el cuerpo no logra tener sost\u00e9n y necesita un suplemento terap\u00e9utico.<\/p>\n<p>Caracter\u00edsticas:<br \/>\n\u2022 Estructura tubular en aluminio anodizado de alta resistencia.<br \/>\n\u2022 Debido a su gran capacidad de regulaci\u00f3n puede ser usado por personas de estatura peque\u00f1a, mediana y alta. Empu\u00f1adora a codo y empu\u00f1adora a suelo.<br \/>\n\u2022 Codera m\u00f3vil fabricada en Nylon, resina de alta resistencia<br \/>\n\u2022 Empu\u00f1adura ergon\u00f3mica.<br \/>\n\u2022 Regat\u00f3n fabricado en goma y caucho antideslizante en la base, contiene en el interior una placa que reduce el ruido<br \/>\n\u2022 Sistema de seguros (anillo \/ bot\u00f3n) para cada una de los rangos de regulaci\u00f3n.<br \/>\n\u2022 Reflector<br \/>\n\u2022 Manipulable sin herramientas.<\/p>\n<table width=\"361\">\n<tbody>\n<tr>\n<td width=\"197\"><strong>Especificaciones t\u00e9cnicas<\/strong><\/td>\n<td width=\"164\"><\/td>\n<\/tr>\n<tr>\n<td width=\"197\"><strong>Descripci\u00f3n<\/strong><\/td>\n<td width=\"164\"><strong>Cm Aprox.<\/strong><\/td>\n<\/tr>\n<tr>\n<td width=\"197\">Altura M\u00ednima Total (Suelo a Codera)<\/td>\n<td width=\"164\">97.5 Cm.<\/td>\n<\/tr>\n<tr>\n<td width=\"197\">Altura M\u00e1xima Total (Suelo a Codera)<\/td>\n<td width=\"164\">123.5 Cm.<\/td>\n<\/tr>\n<tr>\n<td width=\"197\">Altura M\u00ednima desde suelo a empu\u00f1adura<\/td>\n<td width=\"164\">75 Cm.<\/td>\n<\/tr>\n<tr>\n<td width=\"197\">Altura M\u00e1xima desde suelo a empu\u00f1adura<\/td>\n<td width=\"164\">98.5 Cm.<\/td>\n<\/tr>\n<tr>\n<td width=\"197\">Altura M\u00ednima desde empu\u00f1adura a codera<\/td>\n<td width=\"164\">22 Cm.<\/td>\n<\/tr>\n<tr>\n<td width=\"197\">Altura M\u00e1xima desde empu\u00f1adura a codera<\/td>\n<td width=\"164\">35 Cm.<\/td>\n<\/tr>\n<tr>\n<td width=\"197\">Posiciones de regulaci\u00f3n Superior<\/td>\n<td width=\"164\">3 posiciones<\/td>\n<\/tr>\n<tr>\n<td width=\"197\">Posiciones de regulaci\u00f3n Inferior<\/td>\n<td width=\"164\">10 posiciones<\/td>\n<\/tr>\n<tr>\n<td width=\"197\">Di\u00e1metro del producto<\/td>\n<td width=\"164\">22 \u2013 19\u00a0mm<\/td>\n<\/tr>\n<tr>\n<td width=\"197\">Regat\u00f3n<\/td>\n<td width=\"164\">19 mm<\/td>\n<\/tr>\n<tr>\n<td width=\"197\">Soporte de peso m\u00e1ximo<\/td>\n<td width=\"164\">130 Kg<\/td>\n<\/tr>\n<\/tbody>\n<\/table>\n","protected":false},"excerpt":{"rendered":"<p>Bast\u00f3n Codera M\u00f3vil Safe In<\/p>\n<p>Estructura liviana con empu\u00f1adura suave, para favorecer un agarre seguro y \u00f3ptimo.<\/p>\n<p>Es una opci\u00f3n para mejorar la locomoci\u00f3n y movilizaci\u00f3n de las personas. Este funciona brindando apoyo y soporte complementario al cuerpo mientras la persona camina.<\/p>\n<p>Suele utilizarse cuando el cuerpo no logra tener sost\u00e9n y necesita un suplemento terap\u00e9utico.<\/p>\n<p>Con regulaciones tanto superiores como inferiores para que el usuario logre un posicionamiento correcto al desplazarse.<\/p>\n<p>&nbsp;<\/p>\n","protected":false},"featured_media":16683,"comment_status":"open","ping_status":"closed","template":"","meta":{"_acf_changed":false},"product_brand":[1086],"product_cat":[23,1144,368,34],"product_tag":[],"class_list":{"0":"post-15591","1":"product","2":"type-product","3":"status-publish","4":"has-post-thumbnail","6":"product_brand-lifante","7":"product_cat-ayudas-tecnicas-de-bano","8":"product_cat-lifante","9":"product_cat-bastones","10":"product_cat-movilidad","11":"pa_marcas-mobilidad-rebotec","12":"pa_movilidad-bastones","13":"fb_product_set-lifante","15":"first","16":"instock","17":"sale","18":"shipping-taxable","19":"purchasable","20":"product-type-simple"},"acf":[],"_links":{"self":[{"href":"https:\/\/deltamed.cl\/tienda\/wp-json\/wp\/v2\/product\/15591","targetHints":{"allow":["GET"]}}],"collection":[{"href":"https:\/\/deltamed.cl\/tienda\/wp-json\/wp\/v2\/product"}],"about":[{"href":"https:\/\/deltamed.cl\/tienda\/wp-json\/wp\/v2\/types\/product"}],"replies":[{"embeddable":true,"href":"https:\/\/deltamed.cl\/tienda\/wp-json\/wp\/v2\/comments?post=15591"}],"version-history":[{"count":4,"href":"https:\/\/deltamed.cl\/tienda\/wp-json\/wp\/v2\/product\/15591\/revisions"}],"predecessor-version":[{"id":16743,"href":"https:\/\/deltamed.cl\/tienda\/wp-json\/wp\/v2\/product\/15591\/revisions\/16743"}],"wp:featuredmedia":[{"embeddable":true,"href":"https:\/\/deltamed.cl\/tienda\/wp-json\/wp\/v2\/media\/16683"}],"wp:attachment":[{"href":"https:\/\/deltamed.cl\/tienda\/wp-json\/wp\/v2\/media?parent=15591"}],"wp:term":[{"taxonomy":"product_brand","embeddable":true,"href":"https:\/\/deltamed.cl\/tienda\/wp-json\/wp\/v2\/product_brand?post=15591"},{"taxonomy":"product_cat","embeddable":true,"href":"https:\/\/deltamed.cl\/tienda\/wp-json\/wp\/v2\/product_cat?post=15591"},{"taxonomy":"product_tag","embeddable":true,"href":"https:\/\/deltamed.cl\/tienda\/wp-json\/wp\/v2\/product_tag?post=15591"}],"curies":[{"name":"wp","href":"https:\/\/api.w.org\/{rel}","templated":true}]}}