{"id":15543,"date":"2023-04-12T14:54:06","date_gmt":"2023-04-12T17:54:06","guid":{"rendered":"https:\/\/deltamed.cl\/tienda\/producto\/andador-walk-on-con-dos-ruedas-adulto-infantil\/"},"modified":"2026-04-27T00:22:06","modified_gmt":"2026-04-27T03:22:06","slug":"andador-walk-on-con-dos-ruedas-adulto-infantil","status":"publish","type":"product","link":"https:\/\/deltamed.cl\/tienda\/producto\/andador-walk-on-con-dos-ruedas-adulto-infantil\/","title":{"rendered":"Andador walk on con dos ruedas adulto infantil"},"content":{"rendered":"<p>Andador walk on con dos ruedas adulto infantil<\/p>\n<p>Tradicional andador plegable y articulado, ideal para usuarios con movilidad reducida que necesiten un soporte para desplazarse. Fabricado en aluminio y regulable en altura, este producto es una opci\u00f3n para mejorar la locomoci\u00f3n y movilizaci\u00f3n de las personas. Este funciona brindando apoyo y soporte complementario al cuerpo mientras la persona camina. Suele utilizarse cuando el cuerpo no logra tener sost\u00e9n y necesita un suplemento terap\u00e9utico. Caracter\u00edsticas: Estructura tubular en aluminio anodizado de alta resistencia. Articulado y plegable. Empu\u00f1aduras de goma, ergon\u00f3micas y antideslizantes para dar mayor seguridad en el agarre. Con 2 regatones (tacos) de goma antideslizantes en los puntos de apoyo traseros. Sistema de plegado con bot\u00f3n de seguridad. Regulable en altura de 5 a 10 posiciones seg\u00fan talla. Cuenta con manual de uso. Incluye 2 regatones de repuesto. Manipulable sin herramientas para su correcto uso y funcionamiento.<\/p>\n<p>&nbsp;<\/p>\n","protected":false},"excerpt":{"rendered":"<p>Andador walk on con dos ruedas adulto infantil<\/p>\n<p>Tradicional andador plegable y articulado, ideal para usuarios con movilidad reducida que necesiten un soporte para desplazarse.<\/p>\n<p><strong>MARCA: REBOTEC<\/strong><\/p>\n<p><strong>PROCEDENCIA: ALEMANIA<\/strong><\/p>\n","protected":false},"featured_media":15544,"comment_status":"open","ping_status":"closed","template":"","meta":{"_acf_changed":false},"product_brand":[1086],"product_cat":[23,1144,1033,1020,365],"product_tag":[],"class_list":{"0":"post-15543","1":"product","2":"type-product","3":"status-publish","4":"has-post-thumbnail","6":"product_brand-lifante","7":"product_cat-ayudas-tecnicas-de-bano","8":"product_cat-lifante","9":"product_cat-movilidad-ninos","10":"product_cat-ninos","11":"product_cat-andadores","12":"product_shipping_class-mediano","13":"fb_product_set-lifante","15":"first","16":"instock","17":"shipping-taxable","18":"purchasable","19":"product-type-variable"},"acf":[],"_links":{"self":[{"href":"https:\/\/deltamed.cl\/tienda\/wp-json\/wp\/v2\/product\/15543","targetHints":{"allow":["GET"]}}],"collection":[{"href":"https:\/\/deltamed.cl\/tienda\/wp-json\/wp\/v2\/product"}],"about":[{"href":"https:\/\/deltamed.cl\/tienda\/wp-json\/wp\/v2\/types\/product"}],"replies":[{"embeddable":true,"href":"https:\/\/deltamed.cl\/tienda\/wp-json\/wp\/v2\/comments?post=15543"}],"version-history":[{"count":7,"href":"https:\/\/deltamed.cl\/tienda\/wp-json\/wp\/v2\/product\/15543\/revisions"}],"predecessor-version":[{"id":16774,"href":"https:\/\/deltamed.cl\/tienda\/wp-json\/wp\/v2\/product\/15543\/revisions\/16774"}],"wp:featuredmedia":[{"embeddable":true,"href":"https:\/\/deltamed.cl\/tienda\/wp-json\/wp\/v2\/media\/15544"}],"wp:attachment":[{"href":"https:\/\/deltamed.cl\/tienda\/wp-json\/wp\/v2\/media?parent=15543"}],"wp:term":[{"taxonomy":"product_brand","embeddable":true,"href":"https:\/\/deltamed.cl\/tienda\/wp-json\/wp\/v2\/product_brand?post=15543"},{"taxonomy":"product_cat","embeddable":true,"href":"https:\/\/deltamed.cl\/tienda\/wp-json\/wp\/v2\/product_cat?post=15543"},{"taxonomy":"product_tag","embeddable":true,"href":"https:\/\/deltamed.cl\/tienda\/wp-json\/wp\/v2\/product_tag?post=15543"}],"curies":[{"name":"wp","href":"https:\/\/api.w.org\/{rel}","templated":true}]}}