{"id":15521,"date":"2023-03-29T21:14:49","date_gmt":"2023-03-30T00:14:49","guid":{"rendered":"https:\/\/deltamed.cl\/tienda\/producto\/silla-de-ruedas-modelo-hs-5600\/"},"modified":"2026-03-13T15:10:26","modified_gmt":"2026-03-13T18:10:26","slug":"silla-de-ruedas-modelo-hs-5600","status":"publish","type":"product","link":"https:\/\/deltamed.cl\/tienda\/producto\/silla-de-ruedas-modelo-hs-5600\/","title":{"rendered":"Silla de ruedas modelo hs 5600"},"content":{"rendered":"<p>Silla De Ruedas Modelo HS 5600<\/p>\n<p>El modelo HS-5.600 es una excelente silla que incluye caracter\u00edsticas ergon\u00f3micas, combina seguridad y confort y ofrece a los usuarios una experiencia extraordinaria junto con comodidad sin igual en la operaci\u00f3n. Con su sistema de control intuitivo el usuario puede obtener f\u00e1cilmente giros de 360 grados con la punta de los<br \/>\ndedos. Este producto posee un sellado contra el agua, destaca su alto rendimiento gracias a una bater\u00eda de plomo y \u00e1cido sin conectores lo que garantiza adem\u00e1s la seguridad ambiental.<\/p>\n<p>Silla de ruedas el\u00e9ctrica respaldo butaca (s) adulto, asiento acolchado con cabezal, comando derecho o izquierdo, joystick con control de velocidad y visualizaci\u00f3n de bater\u00eda, apoya brazos abatibles acolchados, piernera fija o desmontable, apoya pies una hoja, ruedas delanteras macizas y traseras inflables con sistema de frenos electro mec\u00e1nicos sujeci\u00f3n cintur\u00f3n p\u00e9lvico, con antivuelco, Luces delanteras y traseras. cargador de bater\u00eda incluido.<\/p>\n<p>ESPECIFICACIONES T\u00c9CNICAS:<\/p>\n<ul>\n<li>Longitud total: 1135 mm<\/li>\n<li>Anchura del asiento: 500 mm<\/li>\n<li>Amplitud total: 635 mm<\/li>\n<li>Tren de transmisi\u00f3n: Tren de dos motores y ruedas traseras<\/li>\n<li>Altura total: 1185 mm<\/li>\n<li>Peso de la bater\u00eda: 31.3 kg<\/li>\n<li>Ruedas: Delante: 230 mm \/ 9&#8243;<\/li>\n<li>Tama\u00f1o del motor: 420W 4600 r.p.m<\/li>\n<li>Ruedas: Traseras: 360 mm \/ 14&#8243;<\/li>\n<li>Distancia recorrible: 24 km<\/li>\n<li>Peso con las bater\u00edas: 101.8 kg<\/li>\n<li>Bater\u00eda: (2) 12V. 50Ah<\/li>\n<li>M\u00e1xima velocidad: 8 kmph \/ 5 mph<\/li>\n<li>Cargador: 5A Off Board<\/li>\n<li>Capacidad de carga: 181 kg<\/li>\n<li>Componente el\u00e9ctrico: SHARK<\/li>\n<li>Distancia del suelo: 85 mm<\/li>\n<li>Tipo de asiento: Silla reclinable con cintur\u00f3n de seguridad<\/li>\n<li>Grados escalables: 8 grados<\/li>\n<li>Luces: Sistema de luces refractantes delanteros y traseros.<\/li>\n<li>Altura escalable de escalones: 50 mm \/ 2&#8243;<\/li>\n<li>Radio de giro: 790 mm<\/li>\n<li>Freno: Electromec\u00e1nico<\/li>\n<\/ul>\n","protected":false},"excerpt":{"rendered":"<p>Silla De Ruedas Modelo HS 5600<\/p>\n<p>El modelo HS-5.600 es una excelente silla que incluye caracter\u00edsticas ergon\u00f3micas, combina seguridad y confort y ofrece a los usuarios una experiencia extraordinaria junto con comodidad sin igual en la operaci\u00f3n. Con su sistema de control intuitivo el usuario puede obtener f\u00e1cilmente giros de 360 grados con la punta de los<br \/>\ndedos. Este producto posee un sellado contra el agua, destaca su alto rendimiento gracias a una bater\u00eda de plomo y \u00e1cido sin conectores lo que garantiza adem\u00e1s la seguridad ambiental.<\/p>\n<p>&nbsp;<\/p>\n","protected":false},"featured_media":15522,"comment_status":"open","ping_status":"closed","template":"","meta":{"_acf_changed":false},"product_brand":[1086],"product_cat":[970,1200,930,971],"product_tag":[950,462],"class_list":{"0":"post-15521","1":"product","2":"type-product","3":"status-publish","4":"has-post-thumbnail","6":"product_brand-lifante","7":"product_cat-electricas","8":"product_cat-ofertas-2026","9":"product_cat-sillas-de-ruedas-2","10":"product_cat-sillas-electricas","11":"product_tag-lifante","12":"product_tag-silla-de-rueda-electrica","13":"pa_ancho-de-asiento-38-cm","14":"pa_ancho-de-asiento-40-cm","15":"pa_ancho-de-asiento-41-cm","16":"pa_ancho-de-asiento-42-cm","17":"pa_ancho-de-asiento-43-cm","18":"pa_ancho-de-asiento-44-cm","19":"pa_ancho-de-asiento-45-cm","20":"pa_ancho-de-asiento-46-cm","21":"pa_ancho-de-asiento-48-cm","22":"pa_ancho-de-asiento-50-cm","23":"pa_ancho-de-asiento-51-cm","24":"pa_ancho-de-asiento-53-cm","25":"pa_ancho-de-asiento-55-cm","26":"pa_marca-sillas-de-rueda-chien-ti","27":"pa_silla-de-ruedas-electricas","29":"first","30":"instock","31":"sale","32":"shipping-taxable","33":"purchasable","34":"product-type-simple"},"acf":[],"_links":{"self":[{"href":"https:\/\/deltamed.cl\/tienda\/wp-json\/wp\/v2\/product\/15521","targetHints":{"allow":["GET"]}}],"collection":[{"href":"https:\/\/deltamed.cl\/tienda\/wp-json\/wp\/v2\/product"}],"about":[{"href":"https:\/\/deltamed.cl\/tienda\/wp-json\/wp\/v2\/types\/product"}],"replies":[{"embeddable":true,"href":"https:\/\/deltamed.cl\/tienda\/wp-json\/wp\/v2\/comments?post=15521"}],"version-history":[{"count":3,"href":"https:\/\/deltamed.cl\/tienda\/wp-json\/wp\/v2\/product\/15521\/revisions"}],"predecessor-version":[{"id":17115,"href":"https:\/\/deltamed.cl\/tienda\/wp-json\/wp\/v2\/product\/15521\/revisions\/17115"}],"wp:featuredmedia":[{"embeddable":true,"href":"https:\/\/deltamed.cl\/tienda\/wp-json\/wp\/v2\/media\/15522"}],"wp:attachment":[{"href":"https:\/\/deltamed.cl\/tienda\/wp-json\/wp\/v2\/media?parent=15521"}],"wp:term":[{"taxonomy":"product_brand","embeddable":true,"href":"https:\/\/deltamed.cl\/tienda\/wp-json\/wp\/v2\/product_brand?post=15521"},{"taxonomy":"product_cat","embeddable":true,"href":"https:\/\/deltamed.cl\/tienda\/wp-json\/wp\/v2\/product_cat?post=15521"},{"taxonomy":"product_tag","embeddable":true,"href":"https:\/\/deltamed.cl\/tienda\/wp-json\/wp\/v2\/product_tag?post=15521"}],"curies":[{"name":"wp","href":"https:\/\/api.w.org\/{rel}","templated":true}]}}