{"id":15484,"date":"2023-03-29T19:26:08","date_gmt":"2023-03-29T22:26:08","guid":{"rendered":"https:\/\/deltamed.cl\/tienda\/?post_type=product&#038;p=15484"},"modified":"2026-02-27T13:52:46","modified_gmt":"2026-02-27T16:52:46","slug":"silla-de-ruedas-estandar-caremaster","status":"publish","type":"product","link":"https:\/\/deltamed.cl\/tienda\/producto\/silla-de-ruedas-estandar-caremaster\/","title":{"rendered":"Silla de ruedas est\u00e1ndar caremaster"},"content":{"rendered":"<p>Silla De Ruedas Est\u00e1ndar Caremaster de material Acero o aluminio (seg\u00fan necesidad).<\/p>\n<p>Esta silla es la ayuda que requieren las personas con movilidad reducida para desplazarse, su condici\u00f3n es apta para superficies estables, rugosas y que no presenten impedimentos para el libre desplazamiento.<\/p>\n<p>Su original estructura permite un higi\u00e9nico y c\u00f3modo asiento y respaldo. Facilita la movilidad independiente del usuario, gracias a la confecci\u00f3n y a los ajustes que este modelo permite.<\/p>\n<p>Caracter\u00edsticas:<\/p>\n<ul>\n<li>Estructura de aluminio y plegable con doble cruceta<\/li>\n<li>Empu\u00f1aduras de empuje (bastones) ergon\u00f3micas y antideslizantes, de goma suave de alta densidad.<\/li>\n<li>Pintura electroest\u00e1tica<\/li>\n<li>Cruceta tubular con pieza entre ambos tubulares que asegure un calce perfecto entre ellos sistema de plegado.<\/li>\n<li>Asiento y respaldo fabricado en tela sint\u00e9tica, acolchada e impermeable.<\/li>\n<li>Reposapi\u00e9s abatibles, desmontables y regulables en altura.<\/li>\n<li>Reposabrazos abatibles. Posee protectores laterales.<\/li>\n<li>Reposabrazos acolchados, de goma suave con sistema de seguridad.<\/li>\n<li>Pierneras batientes y desmontables.<\/li>\n<li>Reposabrazos, pierneras y reposapi\u00e9s con bloqueo de seguridad de posicionamiento.<\/li>\n<li>Todo ajuste manual, con sistema de seguridad.<\/li>\n<li>Ruedas traseras de 24\u201d, solidad de policarbonato de alto impacto, impinchables.<\/li>\n<li>Altura de reposabrazos de 23cm.<\/li>\n<li>Apoya pies de dos hojas.<\/li>\n<li>Correa de seguridad que impide el deslizamiento de los pies hacia atr\u00e1s.<\/li>\n<li>Frenos de palanca bilaterales ajustables horizontalmente, recubiertos en goma dura.<\/li>\n<li>Ruedas delanteras macizas de 7\u201d multidireccionales, con horquilla de aluminio.<\/li>\n<li>Rodamientos sellados y ejes fijos en las cuatro ruedas.<\/li>\n<li>Llantas y rayos de policarbonato de alta <span style=\"font-size: 16px\">resistencia.<\/span><\/li>\n<li>Peso de la silla es de 19 kg.<\/li>\n<li>Cada sistema de ajuste de 2,5 cm entre <span style=\"font-size: 16px\">cada variaci\u00f3n. <\/span><\/li>\n<li>Peso m\u00e1ximo de soporte de 136KG (Aluminio) y 140 KG (Acero)<\/li>\n<li>Toda modificaci\u00f3n de personalizaci\u00f3n <span style=\"font-size: 16px\">del usuario sin uso de herramientas.<\/span><\/li>\n<li>Embalaje \u00fanico y sellado.<\/li>\n<li>Ancho plegada de 27cm.<\/li>\n<\/ul>\n<p>ESPECIFICACIONES T\u00c9CNICAS<br \/>\nAncho \u00fatil (cm) 41 46 51<br \/>\nAncho Total (cm) 59 64 69<br \/>\nProfundidad del Asiento (cm) 40 40 40<br \/>\nAltura Asiento &#8211; Respaldo (cm) 47 47 47<br \/>\nAltura Asiento &#8211; Reposabrazos (cm) 23 23 23<br \/>\nLargo apoyabrazos 25 25 25<br \/>\nAncho Plegada (cm) 27 27 27<\/p>\n","protected":false},"excerpt":{"rendered":"<p>Silla De Ruedas Est\u00e1ndar Caremaster de material Acero o aluminio (seg\u00fan necesidad).<\/p>\n<p>Esta silla es la ayuda que requieren las personas con movilidad reducida para desplazarse, su condici\u00f3n es apta para superficies estables, rugosas y que no presenten impedimentos para el libre desplazamiento.<\/p>\n<p>Su original estructura permite un higi\u00e9nico y c\u00f3modo asiento y respaldo. Facilita la movilidad independiente del usuario, gracias a la confecci\u00f3n y a los ajustes que este modelo permite.<\/p>\n","protected":false},"featured_media":17526,"comment_status":"open","ping_status":"closed","template":"","meta":{"_acf_changed":false},"product_brand":[1086],"product_cat":[968,930],"product_tag":[950,1201,1193],"class_list":{"0":"post-15484","1":"product","2":"type-product","3":"status-publish","4":"has-post-thumbnail","6":"product_brand-lifante","7":"product_cat-estandar","8":"product_cat-sillas-de-ruedas-2","9":"product_tag-lifante","10":"product_tag-oferta-invierno","11":"product_tag-silla-de-rueda-manual","12":"product_shipping_class-grande","14":"first","15":"instock","16":"shipping-taxable","17":"purchasable","18":"product-type-variable"},"acf":[],"_links":{"self":[{"href":"https:\/\/deltamed.cl\/tienda\/wp-json\/wp\/v2\/product\/15484","targetHints":{"allow":["GET"]}}],"collection":[{"href":"https:\/\/deltamed.cl\/tienda\/wp-json\/wp\/v2\/product"}],"about":[{"href":"https:\/\/deltamed.cl\/tienda\/wp-json\/wp\/v2\/types\/product"}],"replies":[{"embeddable":true,"href":"https:\/\/deltamed.cl\/tienda\/wp-json\/wp\/v2\/comments?post=15484"}],"version-history":[{"count":8,"href":"https:\/\/deltamed.cl\/tienda\/wp-json\/wp\/v2\/product\/15484\/revisions"}],"predecessor-version":[{"id":18833,"href":"https:\/\/deltamed.cl\/tienda\/wp-json\/wp\/v2\/product\/15484\/revisions\/18833"}],"wp:featuredmedia":[{"embeddable":true,"href":"https:\/\/deltamed.cl\/tienda\/wp-json\/wp\/v2\/media\/17526"}],"wp:attachment":[{"href":"https:\/\/deltamed.cl\/tienda\/wp-json\/wp\/v2\/media?parent=15484"}],"wp:term":[{"taxonomy":"product_brand","embeddable":true,"href":"https:\/\/deltamed.cl\/tienda\/wp-json\/wp\/v2\/product_brand?post=15484"},{"taxonomy":"product_cat","embeddable":true,"href":"https:\/\/deltamed.cl\/tienda\/wp-json\/wp\/v2\/product_cat?post=15484"},{"taxonomy":"product_tag","embeddable":true,"href":"https:\/\/deltamed.cl\/tienda\/wp-json\/wp\/v2\/product_tag?post=15484"}],"curies":[{"name":"wp","href":"https:\/\/api.w.org\/{rel}","templated":true}]}}