{"id":15376,"date":"2023-01-31T22:18:39","date_gmt":"2023-02-01T01:18:39","guid":{"rendered":"https:\/\/deltamed.cl\/tienda\/producto\/velador-para-cama-burmeier-modelo-quado\/"},"modified":"2026-03-13T15:50:11","modified_gmt":"2026-03-13T18:50:11","slug":"velador-para-cama-burmeier-modelo-quado","status":"publish","type":"product","link":"https:\/\/deltamed.cl\/tienda\/producto\/velador-para-cama-burmeier-modelo-quado\/","title":{"rendered":"Velador para cama Bumeier modelo quado"},"content":{"rendered":"<p>Velador para cama Bumeier modelo quado<\/p>\n<p class=\"\" data-start=\"164\" data-end=\"492\">La <strong data-start=\"167\" data-end=\"192\">mesita de noche Quado<\/strong> ha sido dise\u00f1ada para optimizar el espacio sin sacrificar funcionalidad, convirti\u00e9ndose en una soluci\u00f3n ideal para entornos cl\u00ednicos y hospitalarios. Su dise\u00f1o compacto y pr\u00e1ctico ofrece almacenamiento eficiente para las pertenencias personales del paciente, facilitando su acceso en todo momento.<\/p>\n<p class=\"\" data-start=\"494\" data-end=\"726\">Cuenta con <strong data-start=\"505\" data-end=\"536\">dos compartimentos abiertos<\/strong>, accesibles desde ambos lados, que permiten organizar objetos de uso frecuente. Adem\u00e1s, incorpora un <strong data-start=\"638\" data-end=\"673\">caj\u00f3n extra\u00edble de doble acceso<\/strong>, lo que mejora su versatilidad y comodidad de uso.<\/p>\n<p class=\"\" data-start=\"728\" data-end=\"934\">Gracias a su <strong data-start=\"749\" data-end=\"768\">color neutro<\/strong>, la mesita de noche Quado se adapta armoniosamente al dise\u00f1o de cualquier habitaci\u00f3n hospitalaria y complementa a la perfecci\u00f3n cualquier tipo de cama de hospital.<\/p>\n<p class=\"\" data-start=\"936\" data-end=\"1117\">Para mayor funcionalidad, dispone de una <strong data-start=\"977\" data-end=\"997\">bandeja abatible<\/strong>, que puede plegarse de manera sencilla y silenciosa cuando no se necesite, optimizando a\u00fan m\u00e1s el espacio disponible.<\/p>\n<p class=\"\" data-start=\"1119\" data-end=\"1293\">Con un dise\u00f1o minimalista, pr\u00e1ctico y elegante, la mesita de noche Quado es una soluci\u00f3n perfecta para mejorar el confort del paciente y la organizaci\u00f3n en entornos cl\u00ednicos.<\/p>\n","protected":false},"excerpt":{"rendered":"<p>Velador para cama Bumeier modelo quado<\/p>\n<p class=\"\" data-start=\"0\" data-end=\"335\">La nueva mesita de noche <strong data-start=\"25\" data-end=\"34\">Quado<\/strong> es una soluci\u00f3n compacta y funcional, ideal para el entorno cl\u00ednico. Su dise\u00f1o minimalista optimiza el espacio sin sacrificar comodidad. Equipada con <strong data-start=\"185\" data-end=\"231\">dos compartimentos abiertos en ambos lados<\/strong> y un <strong data-start=\"237\" data-end=\"262\">caj\u00f3n de doble acceso<\/strong>, ofrece un almacenamiento pr\u00e1ctico para las pertenencias del paciente.<\/p>\n<p class=\"\" data-start=\"337\" data-end=\"582\">Gracias a su <strong data-start=\"350\" data-end=\"379\">color neutros<\/strong>, <strong data-start=\"381\" data-end=\"390\">Quado<\/strong> se adapta armoniosamente a cualquier habitaci\u00f3n y tipo de cama hospitalaria. Adem\u00e1s, su <strong data-start=\"479\" data-end=\"499\">bandeja abatible<\/strong> se pliega con suavidad cuando no est\u00e1 en uso, proporcionando a\u00fan m\u00e1s versatilidad.<\/p>\n","protected":false},"featured_media":15377,"comment_status":"open","ping_status":"closed","template":"","meta":{"_acf_changed":false},"product_brand":[1086],"product_cat":[1144,1052,101],"product_tag":[950],"class_list":{"0":"post-15376","1":"product","2":"type-product","3":"status-publish","4":"has-post-thumbnail","6":"product_brand-lifante","7":"product_cat-lifante","8":"product_cat-veladores","9":"product_cat-mobiliario","10":"product_tag-lifante","11":"product_shipping_class-grande","12":"pa_marcas-mobiliario-burmeier","13":"pa_mobiliario-veladores","14":"fb_product_set-lifante","16":"first","17":"instock","18":"shipping-taxable","19":"purchasable","20":"product-type-simple"},"acf":[],"_links":{"self":[{"href":"https:\/\/deltamed.cl\/tienda\/wp-json\/wp\/v2\/product\/15376","targetHints":{"allow":["GET"]}}],"collection":[{"href":"https:\/\/deltamed.cl\/tienda\/wp-json\/wp\/v2\/product"}],"about":[{"href":"https:\/\/deltamed.cl\/tienda\/wp-json\/wp\/v2\/types\/product"}],"replies":[{"embeddable":true,"href":"https:\/\/deltamed.cl\/tienda\/wp-json\/wp\/v2\/comments?post=15376"}],"version-history":[{"count":7,"href":"https:\/\/deltamed.cl\/tienda\/wp-json\/wp\/v2\/product\/15376\/revisions"}],"predecessor-version":[{"id":17300,"href":"https:\/\/deltamed.cl\/tienda\/wp-json\/wp\/v2\/product\/15376\/revisions\/17300"}],"wp:featuredmedia":[{"embeddable":true,"href":"https:\/\/deltamed.cl\/tienda\/wp-json\/wp\/v2\/media\/15377"}],"wp:attachment":[{"href":"https:\/\/deltamed.cl\/tienda\/wp-json\/wp\/v2\/media?parent=15376"}],"wp:term":[{"taxonomy":"product_brand","embeddable":true,"href":"https:\/\/deltamed.cl\/tienda\/wp-json\/wp\/v2\/product_brand?post=15376"},{"taxonomy":"product_cat","embeddable":true,"href":"https:\/\/deltamed.cl\/tienda\/wp-json\/wp\/v2\/product_cat?post=15376"},{"taxonomy":"product_tag","embeddable":true,"href":"https:\/\/deltamed.cl\/tienda\/wp-json\/wp\/v2\/product_tag?post=15376"}],"curies":[{"name":"wp","href":"https:\/\/api.w.org\/{rel}","templated":true}]}}