{"id":15370,"date":"2023-01-31T22:18:39","date_gmt":"2023-02-01T01:18:39","guid":{"rendered":"https:\/\/deltamed.cl\/tienda\/producto\/andador-rollator-de-4-ruedas-y-asiento\/"},"modified":"2026-02-27T13:52:38","modified_gmt":"2026-02-27T16:52:38","slug":"andador-rollator-de-4-ruedas-y-asiento","status":"publish","type":"product","link":"https:\/\/deltamed.cl\/tienda\/producto\/andador-rollator-de-4-ruedas-y-asiento\/","title":{"rendered":"Andador rollator de 4 ruedas y asiento"},"content":{"rendered":"<p>Andador rollator de 4 ruedas y asiento<\/p>\n<p>Tradicional andador plegable y articulado, ideal para usuarios con movilidad reducida que necesiten un soporte para desplazarse. Es una opci\u00f3n para mejorar la locomoci\u00f3n y movilizaci\u00f3n de las personas. Este funciona brindando apoyo y soporte complementario al cuerpo mientras la persona camina. Suele utilizarse cuando el cuerpo no logra tener sost\u00e9n y necesita un suplemento terap\u00e9utico.<\/p>\n<p>Caracter\u00edsticas:<\/p>\n<ul>\n<li>Estructura tubular en aluminio anodizado de alta resistencia de 2,6 cm de di\u00e1metros y 2,2 cm de espesor.<\/li>\n<li>Articulado y plegable<\/li>\n<li>Asiento acolchado con goma de alta densidad. Abatible.<\/li>\n<li>Regulable en altura.<\/li>\n<li>Empu\u00f1aduras de goma, ergon\u00f3micas y antideslizantes para dar mayor seguridad en el agarre.<\/li>\n<li>Sistema de plegado con bot\u00f3n de seguridad.<\/li>\n<li>Ruedas macizas<\/li>\n<li>Canasta met\u00e1lica desmontable para llevar objetos bajo el asiento, desmontable.<\/li>\n<li>Sistema de freno con piola regulado desde empu\u00f1aduras. Dise\u00f1ados para accionarse a\u00fan con movilidad limitada en las manos, tienen posici\u00f3n de \u201cparking\u201d que bloquea el rollator desde la empu\u00f1adura<\/li>\n<li>Cuenta con manual de uso en espa\u00f1ol.<\/li>\n<li>Manipulable sin herramientas para su correcto uso y funcionamiento<\/li>\n<\/ul>\n","protected":false},"excerpt":{"rendered":"<p class=\"\" data-start=\"0\" data-end=\"46\">Andador rollator de 4 ruedas y asiento<\/p>\n<p class=\"\" data-start=\"48\" data-end=\"483\">Andador plegable y articulado, ideal para personas con movilidad reducida. Fabricado en aluminio anodizado resistente (2.6 cm de di\u00e1metro, 2.2 cm de espesor), cuenta con asiento abatible acolchado, altura regulable, empu\u00f1aduras ergon\u00f3micas antideslizantes y sistema de frenos con bloqueo de seguridad. Incluye ruedas macizas, canasta desmontable y sistema de plegado con bot\u00f3n. Se manipula sin herramientas e incluye manual en espa\u00f1ol.<\/p>\n","protected":false},"featured_media":15371,"comment_status":"open","ping_status":"closed","template":"","meta":{"_acf_changed":false},"product_brand":[1086],"product_cat":[23,1144,365],"product_tag":[950],"class_list":{"0":"post-15370","1":"product","2":"type-product","3":"status-publish","4":"has-post-thumbnail","6":"product_brand-lifante","7":"product_cat-ayudas-tecnicas-de-bano","8":"product_cat-lifante","9":"product_cat-andadores","10":"product_tag-lifante","11":"product_shipping_class-mediano","12":"pa_marcas-mobilidad-sunshine","13":"pa_movilidad-andador","14":"fb_product_set-lifante","16":"first","17":"instock","18":"shipping-taxable","19":"purchasable","20":"product-type-simple"},"acf":[],"_links":{"self":[{"href":"https:\/\/deltamed.cl\/tienda\/wp-json\/wp\/v2\/product\/15370","targetHints":{"allow":["GET"]}}],"collection":[{"href":"https:\/\/deltamed.cl\/tienda\/wp-json\/wp\/v2\/product"}],"about":[{"href":"https:\/\/deltamed.cl\/tienda\/wp-json\/wp\/v2\/types\/product"}],"replies":[{"embeddable":true,"href":"https:\/\/deltamed.cl\/tienda\/wp-json\/wp\/v2\/comments?post=15370"}],"version-history":[{"count":3,"href":"https:\/\/deltamed.cl\/tienda\/wp-json\/wp\/v2\/product\/15370\/revisions"}],"predecessor-version":[{"id":16763,"href":"https:\/\/deltamed.cl\/tienda\/wp-json\/wp\/v2\/product\/15370\/revisions\/16763"}],"wp:featuredmedia":[{"embeddable":true,"href":"https:\/\/deltamed.cl\/tienda\/wp-json\/wp\/v2\/media\/15371"}],"wp:attachment":[{"href":"https:\/\/deltamed.cl\/tienda\/wp-json\/wp\/v2\/media?parent=15370"}],"wp:term":[{"taxonomy":"product_brand","embeddable":true,"href":"https:\/\/deltamed.cl\/tienda\/wp-json\/wp\/v2\/product_brand?post=15370"},{"taxonomy":"product_cat","embeddable":true,"href":"https:\/\/deltamed.cl\/tienda\/wp-json\/wp\/v2\/product_cat?post=15370"},{"taxonomy":"product_tag","embeddable":true,"href":"https:\/\/deltamed.cl\/tienda\/wp-json\/wp\/v2\/product_tag?post=15370"}],"curies":[{"name":"wp","href":"https:\/\/api.w.org\/{rel}","templated":true}]}}