{"id":15221,"date":"2023-01-31T22:17:17","date_gmt":"2023-02-01T01:17:17","guid":{"rendered":"https:\/\/deltamed.cl\/tienda\/?post_type=product&#038;p=15221"},"modified":"2026-03-13T16:01:04","modified_gmt":"2026-03-13T19:01:04","slug":"silla-de-ruedas-activas-smart-f","status":"publish","type":"product","link":"https:\/\/deltamed.cl\/tienda\/producto\/silla-de-ruedas-activas-smart-f\/","title":{"rendered":"Silla de ruedas activa Smart F"},"content":{"rendered":"<p>Silla De Ruedas Activa Smart F<\/p>\n<p>Modelo de silla de ruedas vers\u00e1til y activa, favorece un m\u00ednimo esfuerzo para la maniobrabilidad, con freno a presi\u00f3n que permite mayor independencia para las actividades cotidianas.<\/p>\n<p>Silla plegable<\/p>\n<p>Medidas: Anchos de asientos desde 36 a 52.<\/p>\n<p>Caracter\u00edsticas<\/p>\n<p>\u2022 Alta resistencia<br \/>\n\u2022 Elaborada en Aluminio<br \/>\n\u2022 Modelo marco plegable, con ejes desmontables<br \/>\n\u2022 Apoya brazos y pies <strong>fijos<\/strong> y reclinables o posibilidad de guardafangos<br \/>\n\u2022 Apoya pies de 1 hoja<br \/>\n\u2022 Ruedas delanteras de 6 \u0301 \u0301 y traseras de 24&#215;1<br \/>\n\u2022 Silla totalmente configurable a los requisitos de cada usuario<\/p>\n<p>Ventajas terap\u00e9uticas<br \/>\n\u2022 Facilita la movilidad independiente del usuario, gracias al material de confecci\u00f3n y a los ajustes de<br \/>\nprecisi\u00f3n en el asiento, respaldo y chasis.<br \/>\n\u2022 La suavidad \u00f3ptima y el bajo peso apoyan la independencia del usuario.<br \/>\n\u2022 Adaptable a los cambios funcionales y las necesidades individuales del usuario mediante el ajuste fino de<br \/>\nla parte posterior, el asiento y el chasis<br \/>\n\u2022 Amplia gama de equipos para usuarios a largo plazo.<br \/>\n\u2022 F\u00e1cil manejo y peso reducido, facilita el uso cotidiano.<\/p>\n","protected":false},"excerpt":{"rendered":"<p>Silla de ruedas activa Smart F\u00a0 Modelo de silla de ruedas innovador, de car\u00e1cter activo y liviana. Presenta horquillas con nuevas tecnolog\u00edas, que mejoran el desplazamiento y ofrecen un dise\u00f1o vanguardista: Alta resistencia, silla modelo activo, elaborada en aluminio, modelo plegable, con ejes desmontables, apoya brazos o guardafangos, apoya pies fijos de 1 hoja, con base m\u00f3vil, silla totalmente configurable a los requisitos de cada usuario. Facilita la movilidad independiente del usuario, gracias al material de confecci\u00f3n y a los ajustes de precisi\u00f3n en el asiento, respaldo y chasis. La suavidad \u00f3ptima y el bajo peso apoyan la independencia del paciente y es adaptable a los cambios funcionales y las necesidades individuales del usuario mediante el ajuste fino de la parte posterior, el asiento y el chasis.<\/p>\n<p>Se diferencia con Smart S porque los apoya pies son fijos.<\/p>\n","protected":false},"featured_media":15223,"comment_status":"closed","ping_status":"closed","template":"","meta":{"_acf_changed":false},"product_brand":[1086],"product_cat":[947,1200,930],"product_tag":[950,1193],"class_list":{"0":"post-15221","1":"product","2":"type-product","3":"status-publish","4":"has-post-thumbnail","6":"product_brand-lifante","7":"product_cat-activas","8":"product_cat-ofertas-2026","9":"product_cat-sillas-de-ruedas-2","10":"product_tag-lifante","11":"product_tag-silla-de-rueda-manual","12":"product_shipping_class-grande","13":"pa_ancho-de-asiento-36-cm","14":"pa_ancho-de-asiento-42-cm","15":"pa_ancho-de-asiento-44-cm","16":"pa_ancho-de-asiento-48-cm","18":"first","19":"instock","20":"shipping-taxable","21":"purchasable","22":"product-type-variable"},"acf":[],"_links":{"self":[{"href":"https:\/\/deltamed.cl\/tienda\/wp-json\/wp\/v2\/product\/15221","targetHints":{"allow":["GET"]}}],"collection":[{"href":"https:\/\/deltamed.cl\/tienda\/wp-json\/wp\/v2\/product"}],"about":[{"href":"https:\/\/deltamed.cl\/tienda\/wp-json\/wp\/v2\/types\/product"}],"replies":[{"embeddable":true,"href":"https:\/\/deltamed.cl\/tienda\/wp-json\/wp\/v2\/comments?post=15221"}],"version-history":[{"count":2,"href":"https:\/\/deltamed.cl\/tienda\/wp-json\/wp\/v2\/product\/15221\/revisions"}],"predecessor-version":[{"id":17056,"href":"https:\/\/deltamed.cl\/tienda\/wp-json\/wp\/v2\/product\/15221\/revisions\/17056"}],"wp:featuredmedia":[{"embeddable":true,"href":"https:\/\/deltamed.cl\/tienda\/wp-json\/wp\/v2\/media\/15223"}],"wp:attachment":[{"href":"https:\/\/deltamed.cl\/tienda\/wp-json\/wp\/v2\/media?parent=15221"}],"wp:term":[{"taxonomy":"product_brand","embeddable":true,"href":"https:\/\/deltamed.cl\/tienda\/wp-json\/wp\/v2\/product_brand?post=15221"},{"taxonomy":"product_cat","embeddable":true,"href":"https:\/\/deltamed.cl\/tienda\/wp-json\/wp\/v2\/product_cat?post=15221"},{"taxonomy":"product_tag","embeddable":true,"href":"https:\/\/deltamed.cl\/tienda\/wp-json\/wp\/v2\/product_tag?post=15221"}],"curies":[{"name":"wp","href":"https:\/\/api.w.org\/{rel}","templated":true}]}}