{"id":15209,"date":"2023-01-31T22:16:49","date_gmt":"2023-02-01T01:16:49","guid":{"rendered":"https:\/\/deltamed.cl\/tienda\/?post_type=product&#038;p=15209"},"modified":"2026-03-13T16:06:32","modified_gmt":"2026-03-13T19:06:32","slug":"silla-de-ruedas-activa-nano","status":"publish","type":"product","link":"https:\/\/deltamed.cl\/tienda\/producto\/silla-de-ruedas-activa-nano\/","title":{"rendered":"Silla de ruedas activa nano"},"content":{"rendered":"<p>Silla De Ruedas Activa Nano<\/p>\n<p>Modelo de silla de ruedas vers\u00e1til y activa, favorece un m\u00ednimo esfuerzo para la maniobrabilidad, con freno a presi\u00f3n que permite mayor independencia para las actividades cotidianas.<\/p>\n<p>Caracter\u00edsticas:<br \/>\n\u2022 Alta resistencia<br \/>\n\u2022 Elaborada en duro aluminio recubierto.<br \/>\n\u2022 Modelo marco\/ chasis r\u00edgido, con ejes desmontables<br \/>\n\u2022 Respaldo plegable<br \/>\n\u2022 Piernera fija<br \/>\n\u2022 Apoya pies con medio de fijaci\u00f3n que impide que los pies se deslicen hacia atr\u00e1s<br \/>\n\u2022 Apoya brazos y pies abatibles y reclinables o posibilidad de guardafangos desmontables.<br \/>\n\u2022 Apoya pies de 1 hoja regulables en altura y en \u00e1ngulo de posici\u00f3n.<br \/>\n\u2022 Frenos tipo pinza o palanca, seg\u00fan requerimiento del usuario.<br \/>\n\u2022 Ruedas delanteras macizas de 5 \u0301 \u0301 y traseras de 24&#8243;x1 inflables. Ruedas estandar.<\/p>\n<p>\u2022 Eje trasero desmontable r\u00e1pido.<br \/>\n\u2022 Aro de propulsi\u00f3n con separaci\u00f3n de la llanta.<br \/>\n\u2022 Posibilidad de regular el \u00e1ngulo de las ruedas traseras (camber) de al menos 0\u00b0 a 3\u00b0,<br \/>\n\u2022 Tapiz del asiento y respaldo acolchado en tela de nylon<br \/>\n\u2022 Silla totalmente configurable a los requisitos de cada usuario<br \/>\n\u2022 Peso total de la silla en promedio seg\u00fan tallas de 13,5 kg.<br \/>\n\u2022 Peso m\u00e1ximo del usuario de 130 KG.<\/p>\n<p>Ventajas terap\u00e9uticas<br \/>\n\u2022 Facilita la movilidad independiente del usuario, gracias al material de confecci\u00f3n y a los ajustes de precisi\u00f3n en el asiento, respaldo y chasis.<br \/>\n\u2022 La suavidad \u00f3ptima y el bajo peso apoyan la independencia del usuario.<br \/>\n\u2022 Adaptable a los cambios funcionales y las necesidades individuales del usuario mediante el ajuste fino de la parte posterior, el asiento y el chasis<br \/>\n\u2022 Amplia gama de equipos para usuarios a largo plazo.<br \/>\n\u2022 F\u00e1cil manejo y peso reducido, facilita el uso cotidiano.<\/p>\n<p>Otros<br \/>\n\u2022 Servicio t\u00e9cnico autorizado a nivel nacional.<br \/>\n\u2022 Empaque individual.<br \/>\n\u2022 Manual en espa\u00f1ol.<\/p>\n<p>Tallas disponibles : (Ancho de asiento &#8211; profundidad de asiento &#8211; altura de respaldo &#8211; Guardafangos -Tipo de apoya pies 1 hoja o 2 hojas)<\/p>\n<table width=\"346\">\n<tbody>\n<tr>\n<td width=\"346\">SDR NANO-38 42 40-GF FIJ-AP 1 HOJA-NEG<\/td>\n<\/tr>\n<tr>\n<td>SDR NANO-36 38 35-GF FIJ-AP 1 HOJA-NEG<\/td>\n<\/tr>\n<tr>\n<td>SDR NANO-38 40 35-GF FIJ-AP 1 HOJA-NEG<\/td>\n<\/tr>\n<tr>\n<td>SDR NANO-40 42 35-GF FIJ-AP 1 HOJA-NEG<\/td>\n<\/tr>\n<\/tbody>\n<\/table>\n<p>*Imagen Referencial<\/p>\n<p>*Cualquier otra talla o configuraci\u00f3n queda en formato de importaci\u00f3n, al igual que sus valores.<\/p>\n","protected":false},"excerpt":{"rendered":"<p>Silla De Ruedas Activa Nano<\/p>\n<p>Modelo de silla de ruedas vers\u00e1til y activa, favorece un m\u00ednimo esfuerzo para la maniobrabilidad, con freno a presi\u00f3n que permite mayor independencia para las actividades cotidianas.<\/p>\n<p>Caracter\u00edsticas:<br \/>\n\u2022 Alta resistencia<br \/>\n\u2022 Elaborada en duro aluminio recubierto.<br \/>\n\u2022 Modelo marco\/ chasis r\u00edgido, con ejes desmontables<br \/>\n\u2022 Respaldo plegable<br \/>\n\u2022 Piernera fija<\/p>\n<p>*Imagen Referencial<\/p>\n<p>*Cualquier otra talla o configuraci\u00f3n queda en formato de importaci\u00f3n, al igual que sus valores.<\/p>\n","protected":false},"featured_media":19880,"comment_status":"open","ping_status":"closed","template":"","meta":{"_acf_changed":false},"product_brand":[1086],"product_cat":[947,975,1200,930],"product_tag":[950,1193],"class_list":{"0":"post-15209","1":"product","2":"type-product","3":"status-publish","4":"has-post-thumbnail","6":"product_brand-lifante","7":"product_cat-activas","8":"product_cat-marco-rigido","9":"product_cat-ofertas-2026","10":"product_cat-sillas-de-ruedas-2","11":"product_tag-lifante","12":"product_tag-silla-de-rueda-manual","13":"product_shipping_class-grande","14":"pa_ancho-de-asiento-36-cm","15":"pa_ancho-de-asiento-38-cm","16":"pa_ancho-de-asiento-40-cm","17":"pa_ancho-de-asiento-42-cm","18":"pa_ancho-de-asiento-44-cm","20":"first","21":"instock","22":"sale","23":"shipping-taxable","24":"purchasable","25":"product-type-variable"},"acf":[],"_links":{"self":[{"href":"https:\/\/deltamed.cl\/tienda\/wp-json\/wp\/v2\/product\/15209","targetHints":{"allow":["GET"]}}],"collection":[{"href":"https:\/\/deltamed.cl\/tienda\/wp-json\/wp\/v2\/product"}],"about":[{"href":"https:\/\/deltamed.cl\/tienda\/wp-json\/wp\/v2\/types\/product"}],"replies":[{"embeddable":true,"href":"https:\/\/deltamed.cl\/tienda\/wp-json\/wp\/v2\/comments?post=15209"}],"version-history":[{"count":6,"href":"https:\/\/deltamed.cl\/tienda\/wp-json\/wp\/v2\/product\/15209\/revisions"}],"predecessor-version":[{"id":19883,"href":"https:\/\/deltamed.cl\/tienda\/wp-json\/wp\/v2\/product\/15209\/revisions\/19883"}],"wp:featuredmedia":[{"embeddable":true,"href":"https:\/\/deltamed.cl\/tienda\/wp-json\/wp\/v2\/media\/19880"}],"wp:attachment":[{"href":"https:\/\/deltamed.cl\/tienda\/wp-json\/wp\/v2\/media?parent=15209"}],"wp:term":[{"taxonomy":"product_brand","embeddable":true,"href":"https:\/\/deltamed.cl\/tienda\/wp-json\/wp\/v2\/product_brand?post=15209"},{"taxonomy":"product_cat","embeddable":true,"href":"https:\/\/deltamed.cl\/tienda\/wp-json\/wp\/v2\/product_cat?post=15209"},{"taxonomy":"product_tag","embeddable":true,"href":"https:\/\/deltamed.cl\/tienda\/wp-json\/wp\/v2\/product_tag?post=15209"}],"curies":[{"name":"wp","href":"https:\/\/api.w.org\/{rel}","templated":true}]}}

<p>Silla De Ruedas Activa Nano</p>
<p>Modelo de silla de ruedas versátil y activa, favorece un mínimo esfuerzo para la maniobrabilidad, con freno a presión que permite mayor independencia para las actividades cotidianas.</p>
<p>Características:<br />
• Alta resistencia<br />
• Elaborada en duro aluminio recubierto.<br />
• Modelo marco/ chasis rígido, con ejes desmontables<br />
• Respaldo plegable<br />
• Piernera fija<br />
• Apoya pies con medio de fijación que impide que los pies se deslicen hacia atrás<br />
• Apoya brazos y pies abatibles y reclinables o posibilidad de guardafangos desmontables.<br />
• Apoya pies de 1 hoja regulables en altura y en ángulo de posición.<br />
• Frenos tipo pinza o palanca, según requerimiento del usuario.<br />
• Ruedas delanteras macizas de 5 ́ ́ y traseras de 24&#8243;x1 inflables. Ruedas estandar.</p>
<p>• Eje trasero desmontable rápido.<br />
• Aro de propulsión con separación de la llanta.<br />
• Posibilidad de regular el ángulo de las ruedas traseras (camber) de al menos 0° a 3°,<br />
• Tapiz del asiento y respaldo acolchado en tela de nylon<br />
• Silla totalmente configurable a los requisitos de cada usuario<br />
• Peso total de la silla en promedio según tallas de 13,5 kg.<br />
• Peso máximo del usuario de 130 KG.</p>
<p>Ventajas terapéuticas<br />
• Facilita la movilidad independiente del usuario, gracias al material de confección y a los ajustes de precisión en el asiento, respaldo y chasis.<br />
• La suavidad óptima y el bajo peso apoyan la independencia del usuario.<br />
• Adaptable a los cambios funcionales y las necesidades individuales del usuario mediante el ajuste fino de la parte posterior, el asiento y el chasis<br />
• Amplia gama de equipos para usuarios a largo plazo.<br />
• Fácil manejo y peso reducido, facilita el uso cotidiano.</p>
<p>Otros<br />
• Servicio técnico autorizado a nivel nacional.<br />
• Empaque individual.<br />
• Manual en español.</p>
<p>Tallas disponibles : (Ancho de asiento &#8211; profundidad de asiento &#8211; altura de respaldo &#8211; Guardafangos -Tipo de apoya pies 1 hoja o 2 hojas)</p>
<table width="346">
<tbody>
<tr>
<td width="346">SDR NANO-38 42 40-GF FIJ-AP 1 HOJA-NEG</td>
</tr>
<tr>
<td>SDR NANO-36 38 35-GF FIJ-AP 1 HOJA-NEG</td>
</tr>
<tr>
<td>SDR NANO-38 40 35-GF FIJ-AP 1 HOJA-NEG</td>
</tr>
<tr>
<td>SDR NANO-40 42 35-GF FIJ-AP 1 HOJA-NEG</td>
</tr>
</tbody>
</table>
<p>*Imagen Referencial</p>
<p>*Cualquier otra talla o configuración queda en formato de importación, al igual que sus valores.</p>

<p>Silla De Ruedas Activa Nano</p>
<p>Modelo de silla de ruedas versátil y activa, favorece un mínimo esfuerzo para la maniobrabilidad, con freno a presión que permite mayor independencia para las actividades cotidianas.</p>
<p>Características:<br />
• Alta resistencia<br />
• Elaborada en duro aluminio recubierto.<br />
• Modelo marco/ chasis rígido, con ejes desmontables<br />
• Respaldo plegable<br />
• Piernera fija</p>
<p>*Imagen Referencial</p>
<p>*Cualquier otra talla o configuración queda en formato de importación, al igual que sus valores.</p>
