{"id":145,"date":"2020-12-10T23:06:10","date_gmt":"2020-12-11T02:06:10","guid":{"rendered":"https:\/\/deltamed.cl\/tienda\/?post_type=product&#038;p=145"},"modified":"2026-02-27T13:30:24","modified_gmt":"2026-02-27T16:30:24","slug":"andador-paso-a-paso-burrito-wa202","status":"publish","type":"product","link":"https:\/\/deltamed.cl\/tienda\/producto\/andador-paso-a-paso-burrito-wa202\/","title":{"rendered":"Andador paso a paso burrito WA202"},"content":{"rendered":"<p>Andador paso a paso burrito WA202<\/p>\n<p>Es recomendado para pacientes con movilidad reducida, que pueden trasladarse por s\u00ed solos pero limitados en equilibrio.<\/p>\n<p><span data-sanitized-data-mce-style=\"color: #087dc1;\">El andador articulado o paso a paso tiene las caracter\u00edsticas de un andador fijo y el valor a\u00f1adido de la articulaci\u00f3n. Este andador est\u00e1 destinado a usuarios con dificultades para caminar y mantener el equilibrio, lo que les permite caminar con seguridad.<\/span><\/p>\n<p><span data-sanitized-data-mce-style=\"color: #087dc1;\">Esto proporciona una marcha m\u00e1s funcional y fisiol\u00f3gica<\/span><\/p>\n<p><span data-sanitized-data-mce-style=\"color: #087dc1;\">El andador o burrito paso a paso es perfecto para personas con baja movilidad, adultos mayores, rehabilitaci\u00f3n\u00a0de lesiones, fracturas de cadera, tobillos o articulaciones\u00a0de las piernas.<\/span><\/p>\n<p><span data-sanitized-data-mce-style=\"color: #0078bd;\">Excelente para\u00a0caminar al interior del hogar y salidas fuera de el.<\/span><\/p>\n<p>\u2022 Estructura de aluminio anodizado.<br \/>\n\u2022 Plegable para guardarlo f\u00e1cilmente.<br \/>\n\u2022 Regulaci\u00f3n de altura para adaptarse a la altura del paciente.<br \/>\n\u2022 Cuenta con 4 regatones antideslizantes para mayor seguridad del paciente.<br \/>\n\u2022 Con sistema de pulsador, f\u00e1cil plegado.<br \/>\n\u2022 Marca Deltamed<br \/>\n\u2022 Altura: 79.5 \u2013 97cm<br \/>\n\u2022 Largo: 53cm<br \/>\n\u2022 Ancho: 45.5cm<br \/>\n\u2022 Peso: 2.7kg<br \/>\n\u2022 Capacidad M\u00e1xima: 136kg<\/p>\n<div id=\"attachment_146\" style=\"width: 310px\" class=\"wp-caption alignnone\"><img fetchpriority=\"high\" decoding=\"async\" aria-describedby=\"caption-attachment-146\" class=\"size-medium wp-image-146\" src=\"https:\/\/deltamed.cl\/tienda\/wp-content\/uploads\/2020\/12\/aa-delta-13-300x300.jpg\" alt=\"Andador paso a paso burrito WA202\" width=\"300\" height=\"300\" title=\"\" srcset=\"https:\/\/deltamed.cl\/tienda\/wp-content\/uploads\/2020\/12\/aa-delta-13-300x300.jpg 300w, https:\/\/deltamed.cl\/tienda\/wp-content\/uploads\/2020\/12\/aa-delta-13-100x100.jpg 100w, https:\/\/deltamed.cl\/tienda\/wp-content\/uploads\/2020\/12\/aa-delta-13-150x150.jpg 150w, https:\/\/deltamed.cl\/tienda\/wp-content\/uploads\/2020\/12\/aa-delta-13.jpg 600w\" sizes=\"(max-width: 300px) 100vw, 300px\" \/><p id=\"caption-attachment-146\" class=\"wp-caption-text\">Andador paso a paso burrito WA202<\/p><\/div>\n","protected":false},"excerpt":{"rendered":"<p>Andador paso a paso burrito WA202<\/p>\n<p>Es recomendado para pacientes con movilidad reducida, que pueden trasladarse por s\u00ed solos pero limitados en equilibrio.<\/p>\n<p><span data-sanitized-data-mce-style=\"color: #087dc1;\">El andador articulado o paso a paso tiene las caracter\u00edsticas de un andador fijo y el valor a\u00f1adido de la articulaci\u00f3n. Este andador est\u00e1 destinado a usuarios con dificultades para caminar y mantener el equilibrio, lo que les permite caminar con seguridad.<\/span><\/p>\n<p><span data-sanitized-data-mce-style=\"color: #087dc1;\">Esto proporciona una marcha m\u00e1s funcional y fisiol\u00f3gica<\/span><\/p>\n<p><span data-sanitized-data-mce-style=\"color: #087dc1;\">El andador o burrito paso a paso es perfecto para personas con baja movilidad, adultos mayores, rehabilitaci\u00f3n\u00a0de lesiones, fracturas de cadera, tobillos o articulaciones\u00a0de las piernas.<\/span><\/p>\n","protected":false},"featured_media":146,"comment_status":"open","ping_status":"closed","template":"","meta":{"_acf_changed":false},"product_brand":[1091],"product_cat":[23,365,34],"product_tag":[24,58,486,585,53,57],"class_list":{"0":"post-145","1":"product","2":"type-product","3":"status-publish","4":"has-post-thumbnail","6":"product_brand-deltamed","7":"product_cat-ayudas-tecnicas-de-bano","8":"product_cat-andadores","9":"product_cat-movilidad","10":"product_tag-adulto-mayor","11":"product_tag-andador","12":"product_tag-ayudas-tecnicas","13":"product_tag-deltamed","14":"product_tag-movilidad","15":"product_tag-paso-a-paso","16":"product_shipping_class-mediano","18":"first","19":"instock","20":"shipping-taxable","21":"purchasable","22":"product-type-simple"},"acf":[],"_links":{"self":[{"href":"https:\/\/deltamed.cl\/tienda\/wp-json\/wp\/v2\/product\/145","targetHints":{"allow":["GET"]}}],"collection":[{"href":"https:\/\/deltamed.cl\/tienda\/wp-json\/wp\/v2\/product"}],"about":[{"href":"https:\/\/deltamed.cl\/tienda\/wp-json\/wp\/v2\/types\/product"}],"replies":[{"embeddable":true,"href":"https:\/\/deltamed.cl\/tienda\/wp-json\/wp\/v2\/comments?post=145"}],"version-history":[{"count":3,"href":"https:\/\/deltamed.cl\/tienda\/wp-json\/wp\/v2\/product\/145\/revisions"}],"predecessor-version":[{"id":12486,"href":"https:\/\/deltamed.cl\/tienda\/wp-json\/wp\/v2\/product\/145\/revisions\/12486"}],"wp:featuredmedia":[{"embeddable":true,"href":"https:\/\/deltamed.cl\/tienda\/wp-json\/wp\/v2\/media\/146"}],"wp:attachment":[{"href":"https:\/\/deltamed.cl\/tienda\/wp-json\/wp\/v2\/media?parent=145"}],"wp:term":[{"taxonomy":"product_brand","embeddable":true,"href":"https:\/\/deltamed.cl\/tienda\/wp-json\/wp\/v2\/product_brand?post=145"},{"taxonomy":"product_cat","embeddable":true,"href":"https:\/\/deltamed.cl\/tienda\/wp-json\/wp\/v2\/product_cat?post=145"},{"taxonomy":"product_tag","embeddable":true,"href":"https:\/\/deltamed.cl\/tienda\/wp-json\/wp\/v2\/product_tag?post=145"}],"curies":[{"name":"wp","href":"https:\/\/api.w.org\/{rel}","templated":true}]}}