{"id":1417,"date":"2021-05-12T18:25:53","date_gmt":"2021-05-12T21:25:53","guid":{"rendered":"https:\/\/deltamed.cl\/tienda\/?post_type=product&#038;p=1417"},"modified":"2026-03-09T16:02:15","modified_gmt":"2026-03-09T19:02:15","slug":"pack-de-4-electrodos-autoadhesivos-para-tens-ems","status":"publish","type":"product","link":"https:\/\/deltamed.cl\/tienda\/producto\/pack-de-4-electrodos-autoadhesivos-para-tens-ems\/","title":{"rendered":"Pack de 4 electrodos autoadhesivos para TENS &#8211; EMS"},"content":{"rendered":"<p>Pack de 4 Electrodos Autoadhesivos para TENS &#8211; EMS<\/p>\n<p class=\"\" data-start=\"161\" data-end=\"474\">Set de cuatro electrodos autoadhesivos reutilizables, dise\u00f1ados para su uso con dispositivos de <strong data-start=\"257\" data-end=\"309\">electroestimulaci\u00f3n nerviosa transcut\u00e1nea (TENS)<\/strong>. Fabricados con gel conductor hipoalerg\u00e9nico que permite una \u00f3ptima transmisi\u00f3n del impulso el\u00e9ctrico y una excelente adherencia a la piel, sin causar irritaciones.<\/p>\n<p class=\"\" data-start=\"476\" data-end=\"496\"><strong data-start=\"476\" data-end=\"496\">Caracter\u00edsticas:<\/strong><\/p>\n<ul data-start=\"497\" data-end=\"791\">\n<li class=\"\" data-start=\"497\" data-end=\"579\">\n<p class=\"\" data-start=\"499\" data-end=\"579\">Compatibles con la mayor\u00eda de los equipos TENS con conectores est\u00e1ndar tipo pin.<\/p>\n<\/li>\n<li class=\"\" data-start=\"580\" data-end=\"645\">\n<p class=\"\" data-start=\"582\" data-end=\"645\">Superficie flexible que se adapta a distintas zonas del cuerpo.<\/p>\n<\/li>\n<li class=\"\" data-start=\"646\" data-end=\"677\">\n<p class=\"\" data-start=\"648\" data-end=\"677\">F\u00e1ciles de colocar y retirar.<\/p>\n<\/li>\n<li class=\"\" data-start=\"678\" data-end=\"746\">\n<p class=\"\" data-start=\"680\" data-end=\"746\">Reutilizables (dependiendo del tipo de piel y condiciones de uso).<\/p>\n<\/li>\n<li class=\"\" data-start=\"747\" data-end=\"791\">\n<p class=\"\" data-start=\"749\" data-end=\"791\">Dimensiones: 4x4cm.<\/p>\n<\/li>\n<\/ul>\n<p class=\"\" data-start=\"793\" data-end=\"815\"><strong data-start=\"793\" data-end=\"815\">Usos recomendados:<\/strong><\/p>\n<ul data-start=\"816\" data-end=\"952\">\n<li class=\"\" data-start=\"816\" data-end=\"856\">\n<p class=\"\" data-start=\"818\" data-end=\"856\">Alivio del dolor muscular y articular.<\/p>\n<\/li>\n<li class=\"\" data-start=\"857\" data-end=\"893\">\n<p class=\"\" data-start=\"859\" data-end=\"893\">Terapias de rehabilitaci\u00f3n f\u00edsica.<\/p>\n<\/li>\n<li class=\"\" data-start=\"894\" data-end=\"952\">\n<p class=\"\" data-start=\"896\" data-end=\"952\">Tratamientos de fisioterapia domiciliaria o profesional.<\/p>\n<\/li>\n<\/ul>\n<p class=\"\" data-start=\"954\" data-end=\"971\"><strong data-start=\"954\" data-end=\"971\">Precauciones:<\/strong><\/p>\n<ul data-start=\"972\" data-end=\"1101\">\n<li class=\"\" data-start=\"972\" data-end=\"1018\">\n<p class=\"\" data-start=\"974\" data-end=\"1018\">No utilizar sobre piel lesionada o irritada.<\/p>\n<\/li>\n<li class=\"\" data-start=\"1019\" data-end=\"1101\">\n<p class=\"\" data-start=\"1021\" data-end=\"1101\">Seguir siempre las indicaciones del equipo TENS y de un profesional de la salud.<\/p>\n<\/li>\n<\/ul>\n<ul>\n<li>No requieren gel<\/li>\n<li>Contiene 4 electrodos<\/li>\n<li><\/li>\n<\/ul>\n","protected":false},"excerpt":{"rendered":"<p>Pack de 4 Electrodos Autoadhesivos para TENS &#8211; EMS<\/p>\n<p class=\"\" data-start=\"161\" data-end=\"474\">Set de cuatro electrodos autoadhesivos reutilizables, dise\u00f1ados para su uso con dispositivos de <strong data-start=\"257\" data-end=\"309\">electroestimulaci\u00f3n nerviosa transcut\u00e1nea (TENS)<\/strong>. Fabricados con gel conductor hipoalerg\u00e9nico que permite una \u00f3ptima transmisi\u00f3n del impulso el\u00e9ctrico y una excelente adherencia a la piel, sin causar irritaciones.<\/p>\n<p class=\"\" data-start=\"476\" data-end=\"496\"><strong data-start=\"476\" data-end=\"496\">Caracter\u00edsticas:<\/strong><\/p>\n<ul data-start=\"497\" data-end=\"791\">\n<li class=\"\" data-start=\"497\" data-end=\"579\">\n<p class=\"\" data-start=\"499\" data-end=\"579\">Compatibles con la mayor\u00eda de los equipos TENS con conectores est\u00e1ndar tipo pin.<\/p>\n<\/li>\n<li class=\"\" data-start=\"580\" data-end=\"645\">\n<p class=\"\" data-start=\"582\" data-end=\"645\">Superficie flexible que se adapta a distintas zonas del cuerpo.<\/p>\n<\/li>\n<li class=\"\" data-start=\"646\" data-end=\"677\">\n<p class=\"\" data-start=\"648\" data-end=\"677\">F\u00e1ciles de colocar y retirar.<\/p>\n<\/li>\n<li class=\"\" data-start=\"678\" data-end=\"746\">\n<p class=\"\" data-start=\"680\" data-end=\"746\">Reutilizables (dependiendo del tipo de piel y condiciones de uso).<\/p>\n<\/li>\n<li class=\"\" data-start=\"747\" data-end=\"791\">\n<p class=\"\" data-start=\"749\" data-end=\"791\">Dimensiones: 4x4cm.<\/p>\n<\/li>\n<\/ul>\n","protected":false},"featured_media":1418,"comment_status":"open","ping_status":"closed","template":"","meta":{"_acf_changed":false},"product_brand":[],"product_cat":[37,385],"product_tag":[],"class_list":{"0":"post-1417","1":"product","2":"type-product","3":"status-publish","4":"has-post-thumbnail","6":"product_cat-kinesiologia","7":"product_cat-tens","8":"product_shipping_class-extra-pequeno","10":"first","11":"instock","12":"sale","13":"shipping-taxable","14":"purchasable","15":"product-type-simple"},"acf":[],"_links":{"self":[{"href":"https:\/\/deltamed.cl\/tienda\/wp-json\/wp\/v2\/product\/1417","targetHints":{"allow":["GET"]}}],"collection":[{"href":"https:\/\/deltamed.cl\/tienda\/wp-json\/wp\/v2\/product"}],"about":[{"href":"https:\/\/deltamed.cl\/tienda\/wp-json\/wp\/v2\/types\/product"}],"replies":[{"embeddable":true,"href":"https:\/\/deltamed.cl\/tienda\/wp-json\/wp\/v2\/comments?post=1417"}],"version-history":[{"count":6,"href":"https:\/\/deltamed.cl\/tienda\/wp-json\/wp\/v2\/product\/1417\/revisions"}],"predecessor-version":[{"id":16836,"href":"https:\/\/deltamed.cl\/tienda\/wp-json\/wp\/v2\/product\/1417\/revisions\/16836"}],"wp:featuredmedia":[{"embeddable":true,"href":"https:\/\/deltamed.cl\/tienda\/wp-json\/wp\/v2\/media\/1418"}],"wp:attachment":[{"href":"https:\/\/deltamed.cl\/tienda\/wp-json\/wp\/v2\/media?parent=1417"}],"wp:term":[{"taxonomy":"product_brand","embeddable":true,"href":"https:\/\/deltamed.cl\/tienda\/wp-json\/wp\/v2\/product_brand?post=1417"},{"taxonomy":"product_cat","embeddable":true,"href":"https:\/\/deltamed.cl\/tienda\/wp-json\/wp\/v2\/product_cat?post=1417"},{"taxonomy":"product_tag","embeddable":true,"href":"https:\/\/deltamed.cl\/tienda\/wp-json\/wp\/v2\/product_tag?post=1417"}],"curies":[{"name":"wp","href":"https:\/\/api.w.org\/{rel}","templated":true}]}}