{"id":1406,"date":"2021-05-12T18:15:21","date_gmt":"2021-05-12T21:15:21","guid":{"rendered":"https:\/\/deltamed.cl\/tienda\/?post_type=product&#038;p=1406"},"modified":"2026-03-25T21:44:12","modified_gmt":"2026-03-26T00:44:12","slug":"mascarilla-3-pliegues-con-elastico-tipo-iir-uso-medico-bfe98-cranberry","status":"publish","type":"product","link":"https:\/\/deltamed.cl\/tienda\/producto\/mascarilla-3-pliegues-con-elastico-tipo-iir-uso-medico-bfe98-cranberry\/","title":{"rendered":"Mascarilla 3 pliegues con el\u00e1stico tipo IIR uso m\u00e9dico BFE 98% Cranberry"},"content":{"rendered":"<p>Mascarilla 3 pliegues con el\u00e1stico tipo IIR uso m\u00e9dico BFE 98% Cranberry<\/p>\n<p><span dir=\"ltr\">Elemen<\/span><span dir=\"ltr\">to de <\/span><span dir=\"ltr\">pr<\/span><span dir=\"ltr\">ot<\/span><span dir=\"ltr\">ec<\/span><span dir=\"ltr\">ci\u00f3n <\/span><span dir=\"ltr\">personal r<\/span><span dir=\"ltr\">espir<\/span><span dir=\"ltr\">ator<\/span><span dir=\"ltr\">ia <\/span><span dir=\"ltr\">que <\/span><span dir=\"ltr\">cubr<\/span><span dir=\"ltr\">e boca <\/span><span dir=\"ltr\">y nar<\/span><span dir=\"ltr\">iz. <\/span><\/p>\n<p><span dir=\"ltr\">Filtr<\/span><span dir=\"ltr\">a los <\/span><span dir=\"ltr\">pr<\/span><span dir=\"ltr\">incipales <\/span><span dir=\"ltr\">g\u00e9r<\/span><span dir=\"ltr\">menes <\/span><span dir=\"ltr\">del <\/span><span dir=\"ltr\">ambien<\/span><span dir=\"ltr\">te pr<\/span><span dir=\"ltr\">eviniendo <\/span><span dir=\"ltr\">el <\/span><span dir=\"ltr\">con<\/span><span dir=\"ltr\">tag<\/span><span dir=\"ltr\">io <\/span><span dir=\"ltr\">de <\/span><span dir=\"ltr\">virus <\/span><span dir=\"ltr\">y bac<\/span><span dir=\"ltr\">terias<\/span><span dir=\"ltr\">. S<\/span><span dir=\"ltr\">e usa <\/span><span dir=\"ltr\">en <\/span><span dir=\"ltr\">el <\/span><span dir=\"ltr\">cuidado <\/span><span dir=\"ltr\">de <\/span><span dir=\"ltr\">enf<\/span><span dir=\"ltr\">ermos<\/span><span dir=\"ltr\">, pr<\/span><span dir=\"ltr\">oc<\/span><span dir=\"ltr\">edimien<\/span><span dir=\"ltr\">tos <\/span><span dir=\"ltr\">cl\u00ednic<\/span><span dir=\"ltr\">os <\/span><span dir=\"ltr\">y hospitalar<\/span><span dir=\"ltr\">ios<\/span><span dir=\"ltr\">. <\/span><\/p>\n<p><span dir=\"ltr\">En <\/span><span dir=\"ltr\">el <\/span><span dir=\"ltr\">pabell\u00f3n <\/span><span dir=\"ltr\">pr<\/span><span dir=\"ltr\">ot<\/span><span dir=\"ltr\">ege <\/span><span dir=\"ltr\">con<\/span><span dir=\"ltr\">tra salpicadur<\/span><span dir=\"ltr\">as <\/span><span dir=\"ltr\">de <\/span><span dir=\"ltr\">sang<\/span><span dir=\"ltr\">re y saliv<\/span><span dir=\"ltr\">a. <\/span><span dir=\"ltr\">Su acci\u00f3n <\/span><span dir=\"ltr\">es <\/span><span dir=\"ltr\">f\u00edsica <\/span><span dir=\"ltr\">al <\/span><span dir=\"ltr\">filtrar <\/span><span dir=\"ltr\">la <\/span><span dir=\"ltr\">inspiraci\u00f3n <\/span><span dir=\"ltr\">de <\/span><span dir=\"ltr\">la <\/span><span dir=\"ltr\">persona, <\/span><span dir=\"ltr\">con <\/span><span dir=\"ltr\">una <\/span><span dir=\"ltr\">eficiencia <\/span><span dir=\"ltr\">de <\/span><span dir=\"ltr\">filtraci\u00f3n a microorganismos como las bacterias sobre un 98%.<\/span><\/p>\n<p><span dir=\"ltr\">La <\/span><span dir=\"ltr\">estructura <\/span><span dir=\"ltr\">de <\/span><span dir=\"ltr\">la <\/span><span dir=\"ltr\">mascarilla <\/span><span dir=\"ltr\">est\u00e1 <\/span><span dir=\"ltr\">constituida <\/span><span dir=\"ltr\">por <\/span><span dir=\"ltr\">3 capas <\/span><span dir=\"ltr\">de <\/span><span dir=\"ltr\">polipropileno: <\/span><span dir=\"ltr\">25 <\/span><span dir=\"ltr\">gramos <\/span><span dir=\"ltr\">capa <\/span><span dir=\"ltr\">externa, <\/span><span dir=\"ltr\">25 <\/span><span dir=\"ltr\">gramos <\/span><span dir=\"ltr\">capa <\/span><span dir=\"ltr\">media\/filtro <\/span><span dir=\"ltr\">y 25 <\/span><span dir=\"ltr\">gramos <\/span><span dir=\"ltr\">capa <\/span><span dir=\"ltr\">interna. <\/span><\/p>\n<p><span dir=\"ltr\">Mientras <\/span><span dir=\"ltr\">la <\/span><span dir=\"ltr\">mascarilla <\/span><span dir=\"ltr\">este <\/span><span dir=\"ltr\">limpia, <\/span><span dir=\"ltr\">seca <\/span><span dir=\"ltr\">e indemne, <\/span><span dir=\"ltr\">su <\/span><span dir=\"ltr\">filtro <\/span><span dir=\"ltr\">bacteriol\u00f3gico <\/span><span dir=\"ltr\">y viral <\/span><span dir=\"ltr\">tendr\u00e1 <\/span><span dir=\"ltr\">m\u00e1s <\/span><span dir=\"ltr\">de <\/span><span dir=\"ltr\">98% <\/span><span dir=\"ltr\">de <\/span><span dir=\"ltr\">eficiencia. <\/span><span dir=\"ltr\">El Adaptador <\/span><span dir=\"ltr\">nasal <\/span><span dir=\"ltr\">es <\/span><span dir=\"ltr\">un <\/span><span dir=\"ltr\">clip <\/span><span dir=\"ltr\">de 10 cm de longitud, ligero y maleable, que permite un ajuste facial seguro y confortable.<\/span><\/p>\n<p><span dir=\"ltr\">Secundario a la Pandemia COVID-19, Reutter ha exigido el cumplimiento de la Normativa Europea 14683:2019 en todas <\/span><span dir=\"ltr\">sus mascarillas de uso m\u00e9dico. <\/span><\/p>\n<p><span dir=\"ltr\">Estas deben cumplir satisfactoriamente 3 y 4 pruebas f\u00edsicas validadas con indicadores <\/span><span dir=\"ltr\">objetivos de calidad, para que puedan ser usadas con seguridad en el ambiente de Salud.<\/span><\/p>\n<p>&nbsp;<\/p>\n<p>AAMASDES<\/p>\n<p>Libre de Latex<\/p>\n<p>No esteril<\/p>\n<p>Producto descartable.No ultilizar.<\/p>\n<p>Vigencia de 5 a\u00f1os a partir de la fabricaci\u00f3n.<\/p>\n<p>&nbsp;<\/p>\n<p>&nbsp;<\/p>\n","protected":false},"excerpt":{"rendered":"<p><span dir=\"ltr\">Mascarilla 3 pliegues con el\u00e1stico tipo IIR uso m\u00e9dico BFE 98%<br \/>\n<\/span><\/p>\n<p><span dir=\"ltr\">Elemen<\/span><span dir=\"ltr\">to de <\/span><span dir=\"ltr\">pr<\/span><span dir=\"ltr\">ot<\/span><span dir=\"ltr\">ec<\/span><span dir=\"ltr\">ci\u00f3n <\/span><span dir=\"ltr\">personal r<\/span><span dir=\"ltr\">espir<\/span><span dir=\"ltr\">ator<\/span><span dir=\"ltr\">ia <\/span><span dir=\"ltr\">que <\/span><span dir=\"ltr\">cubr<\/span><span dir=\"ltr\">e boca <\/span><span dir=\"ltr\">y nar<\/span><span dir=\"ltr\">iz. <\/span><span dir=\"ltr\">Filtr<\/span><span dir=\"ltr\">a los <\/span><span dir=\"ltr\">pr<\/span><span dir=\"ltr\">incipales <\/span><span dir=\"ltr\">g\u00e9r<\/span><span dir=\"ltr\">menes <\/span><span dir=\"ltr\">del <\/span><span dir=\"ltr\">ambien<\/span><span dir=\"ltr\">te pr<\/span><span dir=\"ltr\">eviniendo <\/span><span dir=\"ltr\">el <\/span><span dir=\"ltr\">con<\/span><span dir=\"ltr\">tag<\/span><span dir=\"ltr\">io <\/span><span dir=\"ltr\">de <\/span><span dir=\"ltr\">virus <\/span><span dir=\"ltr\">y bac<\/span><span dir=\"ltr\">terias<\/span><span dir=\"ltr\">. S<\/span><span dir=\"ltr\">e usa <\/span><span dir=\"ltr\">en <\/span><span dir=\"ltr\">el <\/span><span dir=\"ltr\">cuidado <\/span><span dir=\"ltr\">de <\/span><span dir=\"ltr\">enf<\/span><span dir=\"ltr\">ermos<\/span><span dir=\"ltr\">, pr<\/span><span dir=\"ltr\">oc<\/span><span dir=\"ltr\">edimien<\/span><span dir=\"ltr\">tos <\/span><span dir=\"ltr\">cl\u00ednic<\/span><span dir=\"ltr\">os <\/span><span dir=\"ltr\">y hospitalar<\/span><span dir=\"ltr\">ios<\/span><span dir=\"ltr\">. En <\/span><span dir=\"ltr\">el <\/span><span dir=\"ltr\">pabell\u00f3n <\/span><span dir=\"ltr\">pr<\/span><span dir=\"ltr\">ot<\/span><span dir=\"ltr\">ege <\/span><span dir=\"ltr\">con<\/span><span dir=\"ltr\">tra salpicadur<\/span><span dir=\"ltr\">as <\/span><span dir=\"ltr\">de <\/span><span dir=\"ltr\">sang<\/span><span dir=\"ltr\">re y saliv<\/span><span dir=\"ltr\">a. <\/span><span dir=\"ltr\">Su acci\u00f3n <\/span><span dir=\"ltr\">es <\/span><span dir=\"ltr\">f\u00edsica <\/span><span dir=\"ltr\">al <\/span><span dir=\"ltr\">filtrar <\/span><span dir=\"ltr\">la <\/span><span dir=\"ltr\">inspiraci\u00f3n <\/span><span dir=\"ltr\">de <\/span><span dir=\"ltr\">la <\/span><span dir=\"ltr\">persona, <\/span><span dir=\"ltr\">con <\/span><span dir=\"ltr\">una <\/span><span dir=\"ltr\">eficiencia <\/span><span dir=\"ltr\">de <\/span><span dir=\"ltr\">filtraci\u00f3n a microorganismos como las bacterias sobre un 98%.<\/span><\/p>\n<p><span dir=\"ltr\">La <\/span><span dir=\"ltr\">estructura <\/span><span dir=\"ltr\">de <\/span><span dir=\"ltr\">la <\/span><span dir=\"ltr\">mascarilla <\/span><span dir=\"ltr\">est\u00e1 <\/span><span dir=\"ltr\">constituida <\/span><span dir=\"ltr\">por <\/span><span dir=\"ltr\">3 capas <\/span><span dir=\"ltr\">de <\/span><span dir=\"ltr\">polipropileno: <\/span><span dir=\"ltr\">25 <\/span><span dir=\"ltr\">gramos <\/span><span dir=\"ltr\">capa <\/span><span dir=\"ltr\">externa, <\/span><span dir=\"ltr\">25 <\/span><span dir=\"ltr\">gramos <\/span><span dir=\"ltr\">capa <\/span><span dir=\"ltr\">media\/filtro <\/span><span dir=\"ltr\">y 25 <\/span><span dir=\"ltr\">gramos <\/span><span dir=\"ltr\">capa <\/span><span dir=\"ltr\">interna. <\/span><span dir=\"ltr\">Mientras <\/span><span dir=\"ltr\">la <\/span><span dir=\"ltr\">mascarilla <\/span><span dir=\"ltr\">este <\/span><span dir=\"ltr\">limpia, <\/span><span dir=\"ltr\">seca <\/span><span dir=\"ltr\">e indemne, <\/span><span dir=\"ltr\">su <\/span><span dir=\"ltr\">filtro <\/span><span dir=\"ltr\">bacteriol\u00f3gico <\/span><span dir=\"ltr\">y viral <\/span><span dir=\"ltr\">tendr\u00e1 <\/span><span dir=\"ltr\">m\u00e1s <\/span><span dir=\"ltr\">de <\/span><span dir=\"ltr\">98% <\/span><span dir=\"ltr\">de <\/span><span dir=\"ltr\">eficiencia. <\/span><span dir=\"ltr\">El Adaptador <\/span><span dir=\"ltr\">nasal <\/span><span dir=\"ltr\">es <\/span><span dir=\"ltr\">un <\/span><span dir=\"ltr\">clip <\/span><span dir=\"ltr\">de 10 cm de longitud, ligero y maleable, que permite un ajuste facial seguro y confortable. <\/span><span dir=\"ltr\">Secundario a la Pandemia COVID-19, Reutter ha exigido el cumplimiento de la Normativa Europea 14683:2019 en todas <\/span><span dir=\"ltr\">sus mascarillas de uso m\u00e9dico. Estas deben cumplir satisfactoriamente 3 y 4 pruebas f\u00edsicas validadas con indicadores <\/span><span dir=\"ltr\">objetivos de calidad, para que puedan ser usadas con seguridad en el ambiente de Salud.<\/span><\/p>\n<p>AAMASDES<\/p>\n","protected":false},"featured_media":1415,"comment_status":"open","ping_status":"closed","template":"","meta":{"_acf_changed":false},"product_brand":[1087],"product_cat":[94,381],"product_tag":[119],"class_list":{"0":"post-1406","1":"product","2":"type-product","3":"status-publish","4":"has-post-thumbnail","6":"product_brand-cranberry","7":"product_cat-insumos-desechables","8":"product_cat-mascarillas","9":"product_tag-cranberry","10":"product_shipping_class-pequeno","12":"first","13":"instock","14":"sale","15":"shipping-taxable","16":"purchasable","17":"product-type-simple"},"acf":[],"_links":{"self":[{"href":"https:\/\/deltamed.cl\/tienda\/wp-json\/wp\/v2\/product\/1406","targetHints":{"allow":["GET"]}}],"collection":[{"href":"https:\/\/deltamed.cl\/tienda\/wp-json\/wp\/v2\/product"}],"about":[{"href":"https:\/\/deltamed.cl\/tienda\/wp-json\/wp\/v2\/types\/product"}],"replies":[{"embeddable":true,"href":"https:\/\/deltamed.cl\/tienda\/wp-json\/wp\/v2\/comments?post=1406"}],"version-history":[{"count":3,"href":"https:\/\/deltamed.cl\/tienda\/wp-json\/wp\/v2\/product\/1406\/revisions"}],"predecessor-version":[{"id":10269,"href":"https:\/\/deltamed.cl\/tienda\/wp-json\/wp\/v2\/product\/1406\/revisions\/10269"}],"wp:featuredmedia":[{"embeddable":true,"href":"https:\/\/deltamed.cl\/tienda\/wp-json\/wp\/v2\/media\/1415"}],"wp:attachment":[{"href":"https:\/\/deltamed.cl\/tienda\/wp-json\/wp\/v2\/media?parent=1406"}],"wp:term":[{"taxonomy":"product_brand","embeddable":true,"href":"https:\/\/deltamed.cl\/tienda\/wp-json\/wp\/v2\/product_brand?post=1406"},{"taxonomy":"product_cat","embeddable":true,"href":"https:\/\/deltamed.cl\/tienda\/wp-json\/wp\/v2\/product_cat?post=1406"},{"taxonomy":"product_tag","embeddable":true,"href":"https:\/\/deltamed.cl\/tienda\/wp-json\/wp\/v2\/product_tag?post=1406"}],"curies":[{"name":"wp","href":"https:\/\/api.w.org\/{rel}","templated":true}]}}