{"id":1283,"date":"2021-04-27T16:03:18","date_gmt":"2021-04-27T19:03:18","guid":{"rendered":"https:\/\/deltamed.cl\/tienda\/?post_type=product&#038;p=1283"},"modified":"2026-02-27T07:16:01","modified_gmt":"2026-02-27T10:16:01","slug":"spray-plata-acido-hialuronico-125ml-farmactive","status":"publish","type":"product","link":"https:\/\/deltamed.cl\/tienda\/producto\/spray-plata-acido-hialuronico-125ml-farmactive\/","title":{"rendered":"Spray plata \u00e1cido hialur\u00f3nico 125ml Farmactive"},"content":{"rendered":"<p>Spray plata \u00e1cido hialur\u00f3nico 125ml Farmactive es un dispositivo de pulverizaci\u00f3n en polvo que contiene plata coloidal y sal s\u00f3dica de \u00e1cido hialur\u00f3nico que previene la contaminaci\u00f3n microbiana y crea el microambiente favorable a la curaci\u00f3n natural de la lesi\u00f3n.<\/p>\n<p>Este ap\u00f3sito en aerosol en polvo hecho de plata coloidal y \u00e1cido hialur\u00f3nico tiene propiedades antibacterianas conocidas, hidratante y restaurador de la piel. Se utiliza para el tratamiento de una amplia variedad de lesiones cut\u00e1neas, previene la contaminaci\u00f3n microbiana, mantiene la lesi\u00f3n libre de bacterias y reduce el tiempo de curaci\u00f3n. Indicado para el tratamiento de lesiones cut\u00e1neas.<\/p>\n<p>&nbsp;<\/p>\n<p>Spray de dispositivo en polvo para el cuidado de las heridas con: PLATA COLOIDAL &#8211; tiene propiedades antibacterianas y antim\u00e9nicas &#8211; previene la contaminaci\u00f3n microbiana del ap\u00f3sito &#8211; mantiene libre la herida de bacterias externas &#8211; HYALURONIC ACID SODIUM SALT &#8211; tiene funciones hidratantes y de reestructuraci\u00f3n &#8211; ayuda al movimiento celular &#8211; reducir el tiempo de curaci\u00f3n &#8211; reducir el tiempo de curaci\u00f3n<\/p>\n<p>&nbsp;<\/p>\n<p>Almacenar en un lugar fresco (fresco y seco. Proteger de la luz solar. No exponer a fuentes de calor y temperaturas superiores a 50 grados C \/ 122 grados F. Mantener alejado de los ni\u00f1os.<\/p>\n<p>&nbsp;<\/p>\n<p>Evite la inhalaci\u00f3n directa, no roc\u00ede en los ojos ni trague. No usar en heridas infectadas y cerca de las membranas mucosas (ojos, boca, genitales, etc.). No usar si el paquete est\u00e1 da\u00f1ado o si el producto ha caducado. Aseg\u00farese de leer el prospecto de instrucciones debajo de la tapa.<\/p>\n<p>&nbsp;<\/p>\n<p>Contenedor presurizado altamente inflamable. Evite la acumulaci\u00f3n de cargas electrost\u00e1ticas.<\/p>\n<p>&nbsp;<\/p>\n<p>Envase Aerosol &#8211; Contenido: 125 ml \/ 10 g de polvo.<\/p>\n","protected":false},"excerpt":{"rendered":"<p>Spray plata \u00e1cido hialur\u00f3nico 125ml Farmactive es un dispositivo de pulverizaci\u00f3n en polvo que contiene plata coloidal y sal s\u00f3dica de \u00e1cido hialur\u00f3nico que previene la contaminaci\u00f3n microbiana y crea el microambiente favorable a la curaci\u00f3n natural de la lesi\u00f3n.<\/p>\n<p>Este ap\u00f3sito en aerosol en polvo hecho de plata coloidal y \u00e1cido hialur\u00f3nico tiene propiedades antibacterianas conocidas, hidratante y restaurador de la piel. Se utiliza para el tratamiento de una amplia variedad de lesiones cut\u00e1neas, previene la contaminaci\u00f3n microbiana, mantiene la lesi\u00f3n libre de bacterias y reduce el tiempo de curaci\u00f3n. Indicado para el tratamiento de lesiones cut\u00e1neas.<\/p>\n<p><strong>Vencen en agosto 2024<\/strong><\/p>\n","protected":false},"featured_media":1284,"comment_status":"open","ping_status":"closed","template":"","meta":{"_acf_changed":false},"product_brand":[],"product_cat":[36],"product_tag":[703],"class_list":{"0":"post-1283","1":"product","2":"type-product","3":"status-publish","4":"has-post-thumbnail","6":"product_cat-tratamiento-de-herida","7":"product_tag-cyberday","8":"product_shipping_class-extra-pequeno","10":"first","11":"outofstock","12":"shipping-taxable","13":"purchasable","14":"product-type-simple"},"acf":[],"_links":{"self":[{"href":"https:\/\/deltamed.cl\/tienda\/wp-json\/wp\/v2\/product\/1283","targetHints":{"allow":["GET"]}}],"collection":[{"href":"https:\/\/deltamed.cl\/tienda\/wp-json\/wp\/v2\/product"}],"about":[{"href":"https:\/\/deltamed.cl\/tienda\/wp-json\/wp\/v2\/types\/product"}],"replies":[{"embeddable":true,"href":"https:\/\/deltamed.cl\/tienda\/wp-json\/wp\/v2\/comments?post=1283"}],"version-history":[{"count":2,"href":"https:\/\/deltamed.cl\/tienda\/wp-json\/wp\/v2\/product\/1283\/revisions"}],"predecessor-version":[{"id":10408,"href":"https:\/\/deltamed.cl\/tienda\/wp-json\/wp\/v2\/product\/1283\/revisions\/10408"}],"wp:featuredmedia":[{"embeddable":true,"href":"https:\/\/deltamed.cl\/tienda\/wp-json\/wp\/v2\/media\/1284"}],"wp:attachment":[{"href":"https:\/\/deltamed.cl\/tienda\/wp-json\/wp\/v2\/media?parent=1283"}],"wp:term":[{"taxonomy":"product_brand","embeddable":true,"href":"https:\/\/deltamed.cl\/tienda\/wp-json\/wp\/v2\/product_brand?post=1283"},{"taxonomy":"product_cat","embeddable":true,"href":"https:\/\/deltamed.cl\/tienda\/wp-json\/wp\/v2\/product_cat?post=1283"},{"taxonomy":"product_tag","embeddable":true,"href":"https:\/\/deltamed.cl\/tienda\/wp-json\/wp\/v2\/product_tag?post=1283"}],"curies":[{"name":"wp","href":"https:\/\/api.w.org\/{rel}","templated":true}]}}