{"id":12817,"date":"2024-09-11T16:07:39","date_gmt":"2024-09-11T19:07:39","guid":{"rendered":"https:\/\/deltamed.cl\/tienda\/?post_type=product&#038;p=12817"},"modified":"2026-02-27T13:52:36","modified_gmt":"2026-02-27T16:52:36","slug":"mascarilla-de-nebulizacion-adulto-cranberry","status":"publish","type":"product","link":"https:\/\/deltamed.cl\/tienda\/producto\/mascarilla-de-nebulizacion-adulto-cranberry\/","title":{"rendered":"Mascarilla de nebulizaci\u00f3n adulto Cranberry"},"content":{"rendered":"<div class=\"flex-shrink-0 flex flex-col relative items-end\">\n<div class=\"pt-0.5 juice:pt-0\">\n<div class=\"gizmo-bot-avatar flex h-6 w-6 items-center justify-center overflow-hidden rounded-full juice:h-8 juice:w-8\">\n<div class=\"relative p-1 rounded-sm flex items-center justify-center bg-token-main-surface-primary text-token-text-primary h-8 w-8\">Mascarilla de nebulizaci\u00f3n adulto Cranberry<br \/>\n<strong><strong><strong>Incluye mascarilla, frasco nebulizador y alargador.<br \/>\n1 unidad<\/strong><\/strong><\/strong><\/div>\n<div class=\"relative p-1 rounded-sm flex items-center justify-center bg-token-main-surface-primary text-token-text-primary h-8 w-8\"><strong><strong><strong><br \/>\n<\/strong><\/strong><\/strong>Dise\u00f1ada para administrar soluciones y medicamentos directamente al sistema respiratorio.Esta mascarilla tiene una forma elongada y cuenta con un clip nasal autoajustable, adem\u00e1s de dos orificios laterales que permiten aumentar el volumen de aire en su interior. El el\u00e1stico autoajustable proporciona un ajuste c\u00f3modo y seguro alrededor de la cabeza del paciente.<br \/>\nLa manguera de ox\u00edgeno mide 2.10 metros y su conector flexible permite una rotaci\u00f3n de 360\u00b0, facilitando su uso en diversas posiciones.<br \/>\nEste dispositivo convierte el medicamento en vapor, permitiendo su inhalaci\u00f3n y asegurando la acci\u00f3n directa del f\u00e1rmaco en el sistema respiratorio.<\/div>\n<\/div>\n<\/div>\n<\/div>\n","protected":false},"excerpt":{"rendered":"<div class=\"flex-shrink-0 flex flex-col relative items-end\">\n<div>\n<div class=\"pt-0\">\n<div class=\"gizmo-bot-avatar flex h-8 w-8 items-center justify-center overflow-hidden rounded-full\">Mascarilla de nebulizaci\u00f3n adulto Cranberry<\/div>\n<\/div>\n<\/div>\n<\/div>\n<div class=\"group\/conversation-turn relative flex w-full min-w-0 flex-col agent-turn\">\n<div class=\"flex-col gap-1 md:gap-3\">\n<div class=\"flex max-w-full flex-col flex-grow\">\n<div class=\"min-h-[20px] text-message flex w-full flex-col items-end gap-2 whitespace-normal break-words [.text-message+&amp;]:mt-5\" dir=\"auto\" data-message-author-role=\"assistant\" data-message-id=\"87ab96c4-66d0-413a-853a-4a9283d09f25\">\n<div class=\"flex w-full flex-col gap-1 empty:hidden first:pt-[3px]\">\n<div class=\"markdown prose w-full break-words dark:prose-invert light\">\n<p><strong>Incluye mascarilla, frasco nebulizador y alargador.<br \/>\n1 unidad<\/strong><\/p>\n<p>Dise\u00f1ada para administrar soluciones y medicamentos directamente al sistema respiratorio.<\/p>\n<p>Esta mascarilla tiene una forma elongada y cuenta con un clip nasal autoajustable, adem\u00e1s de dos orificios laterales que permiten aumentar el volumen de aire en su interior. El el\u00e1stico autoajustable proporciona un ajuste c\u00f3modo y seguro alrededor de la cabeza del paciente.<br \/>\nLa manguera de ox\u00edgeno mide 2.10 metros y su conector flexible permite una rotaci\u00f3n de 360\u00b0, facilitando su uso en diversas posiciones.<br \/>\nEste dispositivo convierte el medicamento en vapor, permitiendo su inhalaci\u00f3n y asegurando la acci\u00f3n directa del f\u00e1rmaco en el sistema respiratorio.<\/p>\n<\/div>\n<\/div>\n<\/div>\n<\/div>\n<\/div>\n<\/div>\n","protected":false},"featured_media":12818,"comment_status":"open","ping_status":"closed","template":"","meta":{"_acf_changed":false},"product_brand":[1087],"product_cat":[15,458,381],"product_tag":[764,119,765,763,139],"class_list":{"0":"post-12817","1":"product","2":"type-product","3":"status-publish","4":"has-post-thumbnail","6":"product_brand-cranberry","7":"product_cat-medicion-y-diagnostico","8":"product_cat-nebulizadores","9":"product_cat-mascarillas","10":"product_tag-aerosol","11":"product_tag-cranberry","12":"product_tag-frasco-aerosol","13":"product_tag-nebulizacion","14":"product_tag-nebulizador","15":"product_shipping_class-pequeno","17":"first","18":"instock","19":"shipping-taxable","20":"purchasable","21":"product-type-simple"},"acf":[],"_links":{"self":[{"href":"https:\/\/deltamed.cl\/tienda\/wp-json\/wp\/v2\/product\/12817","targetHints":{"allow":["GET"]}}],"collection":[{"href":"https:\/\/deltamed.cl\/tienda\/wp-json\/wp\/v2\/product"}],"about":[{"href":"https:\/\/deltamed.cl\/tienda\/wp-json\/wp\/v2\/types\/product"}],"replies":[{"embeddable":true,"href":"https:\/\/deltamed.cl\/tienda\/wp-json\/wp\/v2\/comments?post=12817"}],"version-history":[{"count":3,"href":"https:\/\/deltamed.cl\/tienda\/wp-json\/wp\/v2\/product\/12817\/revisions"}],"predecessor-version":[{"id":12823,"href":"https:\/\/deltamed.cl\/tienda\/wp-json\/wp\/v2\/product\/12817\/revisions\/12823"}],"wp:featuredmedia":[{"embeddable":true,"href":"https:\/\/deltamed.cl\/tienda\/wp-json\/wp\/v2\/media\/12818"}],"wp:attachment":[{"href":"https:\/\/deltamed.cl\/tienda\/wp-json\/wp\/v2\/media?parent=12817"}],"wp:term":[{"taxonomy":"product_brand","embeddable":true,"href":"https:\/\/deltamed.cl\/tienda\/wp-json\/wp\/v2\/product_brand?post=12817"},{"taxonomy":"product_cat","embeddable":true,"href":"https:\/\/deltamed.cl\/tienda\/wp-json\/wp\/v2\/product_cat?post=12817"},{"taxonomy":"product_tag","embeddable":true,"href":"https:\/\/deltamed.cl\/tienda\/wp-json\/wp\/v2\/product_tag?post=12817"}],"curies":[{"name":"wp","href":"https:\/\/api.w.org\/{rel}","templated":true}]}}