{"id":12460,"date":"2024-08-21T17:19:28","date_gmt":"2024-08-21T20:19:28","guid":{"rendered":"https:\/\/deltamed.cl\/tienda\/?post_type=product&#038;p=12460"},"modified":"2026-04-14T12:30:28","modified_gmt":"2026-04-14T15:30:28","slug":"tela-adhesiva-plastica-transparente-macroporosa-cranberry","status":"publish","type":"product","link":"https:\/\/deltamed.cl\/tienda\/producto\/tela-adhesiva-plastica-transparente-macroporosa-cranberry\/","title":{"rendered":"Tela adhesiva pl\u00e1stica transparente macroporosa Cranberry"},"content":{"rendered":"<p>Tela adhesiva pl\u00e1stica transparente macroporosa Cranberry<br \/>\n<strong>1 caja<br \/>\n2.5cm\u00a0 caja x 12 unidades<br \/>\n5cm\u00a0 caja x 6 unidades<\/strong><\/p>\n<p>La tela adhesiva es un insumo m\u00e9dico desechable elaborado a partir de polietileno de baja densidad. Este material es macroporoso y transparente, lo que permite una mejor transpirabilidad y visibilidad durante su uso. Se utiliza principalmente para la fijaci\u00f3n segura de ap\u00f3sitos, v\u00edas endovenosas, tubos orotraqueales, tor\u00e1cicos y abdominales, garantizando su correcta posici\u00f3n y funcionamiento.<\/p>\n<p>El adhesivo sint\u00e9tico con el que est\u00e1 recubierta la tela es altamente efectivo, asegurando una fijaci\u00f3n firme. A pesar de su fuerte adherencia, est\u00e1 dise\u00f1ado para retirarse de la piel sin causar da\u00f1o ni irritaci\u00f3n, lo que lo convierte en una opci\u00f3n segura y confiable en procedimientos m\u00e9dicos.<\/p>\n<p>2,5 cm x 9 mt AATEPLA2<br \/>\n5 cm x 9 mt AATEPLA5<\/p>\n","protected":false},"excerpt":{"rendered":"<p>Tela adhesiva pl\u00e1stica transparente macroporosa Cranberry<br \/>\n<strong>1 caja<br \/>\n2.5cm caja x 12 unidades<br \/>\n5cm caja x 6 unidades<\/strong><\/p>\n<p>La tela adhesiva es un insumo m\u00e9dico desechable elaborado a partir de polietileno de baja densidad. Este material es macroporoso y transparente, lo que permite una mejor transpirabilidad y visibilidad durante su uso. Se utiliza principalmente para la fijaci\u00f3n segura de ap\u00f3sitos, v\u00edas endovenosas, tubos orotraqueales, tor\u00e1cicos y abdominales, garantizando su correcta posici\u00f3n y funcionamiento.<\/p>\n<p>El adhesivo sint\u00e9tico con el que est\u00e1 recubierta la tela es altamente efectivo, asegurando una fijaci\u00f3n firme. A pesar de su fuerte adherencia, est\u00e1 dise\u00f1ado para retirarse de la piel sin causar da\u00f1o ni irritaci\u00f3n, lo que lo convierte en una opci\u00f3n segura y confiable en procedimientos m\u00e9dicos.<\/p>\n","protected":false},"featured_media":12462,"comment_status":"open","ping_status":"closed","template":"","meta":{"_acf_changed":false},"product_brand":[1087],"product_cat":[94,371,384],"product_tag":[209,119,542,1204,635,1203,634,636],"class_list":{"0":"post-12460","1":"product","2":"type-product","3":"status-publish","4":"has-post-thumbnail","6":"product_brand-cranberry","7":"product_cat-insumos-desechables","8":"product_cat-apositos-gasas","9":"product_cat-otros","10":"product_tag-cinta","11":"product_tag-cranberry","12":"product_tag-curacion","13":"product_tag-macroporosa","14":"product_tag-micropore","15":"product_tag-microporosa","16":"product_tag-tela","17":"product_tag-transpore","18":"product_shipping_class-pequeno","20":"first","21":"instock","22":"shipping-taxable","23":"purchasable","24":"product-type-variable"},"acf":[],"_links":{"self":[{"href":"https:\/\/deltamed.cl\/tienda\/wp-json\/wp\/v2\/product\/12460","targetHints":{"allow":["GET"]}}],"collection":[{"href":"https:\/\/deltamed.cl\/tienda\/wp-json\/wp\/v2\/product"}],"about":[{"href":"https:\/\/deltamed.cl\/tienda\/wp-json\/wp\/v2\/types\/product"}],"replies":[{"embeddable":true,"href":"https:\/\/deltamed.cl\/tienda\/wp-json\/wp\/v2\/comments?post=12460"}],"version-history":[{"count":2,"href":"https:\/\/deltamed.cl\/tienda\/wp-json\/wp\/v2\/product\/12460\/revisions"}],"predecessor-version":[{"id":18474,"href":"https:\/\/deltamed.cl\/tienda\/wp-json\/wp\/v2\/product\/12460\/revisions\/18474"}],"wp:featuredmedia":[{"embeddable":true,"href":"https:\/\/deltamed.cl\/tienda\/wp-json\/wp\/v2\/media\/12462"}],"wp:attachment":[{"href":"https:\/\/deltamed.cl\/tienda\/wp-json\/wp\/v2\/media?parent=12460"}],"wp:term":[{"taxonomy":"product_brand","embeddable":true,"href":"https:\/\/deltamed.cl\/tienda\/wp-json\/wp\/v2\/product_brand?post=12460"},{"taxonomy":"product_cat","embeddable":true,"href":"https:\/\/deltamed.cl\/tienda\/wp-json\/wp\/v2\/product_cat?post=12460"},{"taxonomy":"product_tag","embeddable":true,"href":"https:\/\/deltamed.cl\/tienda\/wp-json\/wp\/v2\/product_tag?post=12460"}],"curies":[{"name":"wp","href":"https:\/\/api.w.org\/{rel}","templated":true}]}}