{"id":1239,"date":"2021-04-19T18:10:51","date_gmt":"2021-04-19T21:10:51","guid":{"rendered":"https:\/\/deltamed.cl\/tienda\/?post_type=product&#038;p=1239"},"modified":"2026-02-27T13:30:32","modified_gmt":"2026-02-27T16:30:32","slug":"suero-glucosalino-isotonico-25-500ml-unid","status":"publish","type":"product","link":"https:\/\/deltamed.cl\/tienda\/producto\/suero-glucosalino-isotonico-25-500ml-unid\/","title":{"rendered":"Suero glucosalino isot\u00f3nico 2,5% 500ml"},"content":{"rendered":"<p>Suero glucosalino isot\u00f3nico 2,5% 500ml unid<br \/>\n<strong>dextrosa al 2.5% en solucion salina<\/strong><\/p>\n<p>El suero glucosalino es una soluci\u00f3n intravenosa que combina glucosa (az\u00facar) y soluci\u00f3n salina (cloruro de sodio).<\/p>\n<p>Se utiliza en diversas situaciones cl\u00ednicas, y sus principales indicaciones incluyen:<br \/>\n<strong>Rehidrataci\u00f3n:<\/strong> Se utiliza para reponer l\u00edquidos y electrolitos en pacientes deshidratados.<br \/>\n<strong>Correcci\u00f3n de hipoglucemia:<\/strong> Al contener glucosa, es \u00fatil para tratar niveles bajos de az\u00facar en sangre (hipoglucemia).<br \/>\n<strong>Suministro de energ\u00eda:<\/strong> Proporciona una fuente r\u00e1pida de energ\u00eda a trav\u00e9s de la glucosa, especialmente en pacientes que no pueden alimentarse adecuadamente.<br \/>\n<strong>Soporte en tratamientos m\u00e9dicos:<\/strong> Puede ser usado como veh\u00edculo para administrar medicamentos intravenosos.<\/p>\n<p>Como con cualquier tratamiento intravenoso, su uso debe ser supervisado por un profesional de la salud, y la elecci\u00f3n de esta soluci\u00f3n depende de las necesidades cl\u00ednicas espec\u00edficas del paciente.<\/p>\n<div class=\"mceTemp\"><\/div>\n","protected":false},"excerpt":{"rendered":"<p>Suero glucosalino isot\u00f3nico 2,5% 500ml unid<\/p>\n<p>El suero glucosalino es una soluci\u00f3n intravenosa que combina glucosa (az\u00facar) y soluci\u00f3n salina (cloruro de sodio).<\/p>\n<p>Se utiliza en diversas situaciones cl\u00ednicas, y sus principales indicaciones incluyen:<br \/>\n<strong>Rehidrataci\u00f3n:<\/strong> Se utiliza para reponer l\u00edquidos y electrolitos en pacientes deshidratados.<br \/>\n<strong>Correcci\u00f3n de hipoglucemia:<\/strong> Al contener glucosa, es \u00fatil para tratar niveles bajos de az\u00facar en sangre (hipoglucemia).<br \/>\n<strong>Suministro de energ\u00eda:<\/strong> Proporciona una fuente r\u00e1pida de energ\u00eda a trav\u00e9s de la glucosa, especialmente en pacientes que no pueden alimentarse adecuadamente.<br \/>\n<strong>Soporte en tratamientos m\u00e9dicos:<\/strong> Puede ser usado como veh\u00edculo para administrar medicamentos intravenosos.<\/p>\n<p>Como con cualquier tratamiento intravenoso, su uso debe ser supervisado por un profesional de la salud, y la elecci\u00f3n de esta soluci\u00f3n depende de las necesidades cl\u00ednicas espec\u00edficas del paciente.<\/p>\n<p>&nbsp;<\/p>\n","protected":false},"featured_media":1242,"comment_status":"open","ping_status":"closed","template":"","meta":{"_acf_changed":false},"product_brand":[],"product_cat":[452,94,456,455],"product_tag":[63,684,217],"class_list":{"0":"post-1239","1":"product","2":"type-product","3":"status-publish","4":"has-post-thumbnail","6":"product_cat-suplementos-alimenticios","7":"product_cat-insumos-desechables","8":"product_cat-suero","9":"product_cat-sueros","10":"product_tag-glucosa","11":"product_tag-glucosalino","12":"product_tag-suero","13":"product_shipping_class-pequeno","15":"first","16":"outofstock","17":"shipping-taxable","18":"purchasable","19":"product-type-simple"},"acf":[],"_links":{"self":[{"href":"https:\/\/deltamed.cl\/tienda\/wp-json\/wp\/v2\/product\/1239","targetHints":{"allow":["GET"]}}],"collection":[{"href":"https:\/\/deltamed.cl\/tienda\/wp-json\/wp\/v2\/product"}],"about":[{"href":"https:\/\/deltamed.cl\/tienda\/wp-json\/wp\/v2\/types\/product"}],"replies":[{"embeddable":true,"href":"https:\/\/deltamed.cl\/tienda\/wp-json\/wp\/v2\/comments?post=1239"}],"version-history":[{"count":7,"href":"https:\/\/deltamed.cl\/tienda\/wp-json\/wp\/v2\/product\/1239\/revisions"}],"predecessor-version":[{"id":13362,"href":"https:\/\/deltamed.cl\/tienda\/wp-json\/wp\/v2\/product\/1239\/revisions\/13362"}],"wp:featuredmedia":[{"embeddable":true,"href":"https:\/\/deltamed.cl\/tienda\/wp-json\/wp\/v2\/media\/1242"}],"wp:attachment":[{"href":"https:\/\/deltamed.cl\/tienda\/wp-json\/wp\/v2\/media?parent=1239"}],"wp:term":[{"taxonomy":"product_brand","embeddable":true,"href":"https:\/\/deltamed.cl\/tienda\/wp-json\/wp\/v2\/product_brand?post=1239"},{"taxonomy":"product_cat","embeddable":true,"href":"https:\/\/deltamed.cl\/tienda\/wp-json\/wp\/v2\/product_cat?post=1239"},{"taxonomy":"product_tag","embeddable":true,"href":"https:\/\/deltamed.cl\/tienda\/wp-json\/wp\/v2\/product_tag?post=1239"}],"curies":[{"name":"wp","href":"https:\/\/api.w.org\/{rel}","templated":true}]}}