{"id":1182,"date":"2021-04-13T18:17:51","date_gmt":"2021-04-13T21:17:51","guid":{"rendered":"https:\/\/deltamed.cl\/tienda\/?post_type=product&#038;p=1182"},"modified":"2026-02-27T07:16:01","modified_gmt":"2026-02-27T10:16:01","slug":"panal-adulto-plenitud-protect","status":"publish","type":"product","link":"https:\/\/deltamed.cl\/tienda\/producto\/panal-adulto-plenitud-protect\/","title":{"rendered":"Pa\u00f1al adulto plenitud protect"},"content":{"rendered":"<p>Pa\u00f1al adulto plenitud protect<\/p>\n<p>Plenitud Protect es el pa\u00f1al para adultos con incontinecia severa que cuenta con la tecnolog\u00eda m\u00e1s avanzada, la nueva Protecci\u00f3n Total 6.<br \/>\n\u2022 Mayor control de olor gracias a su innovadora tecnolog\u00eda NeutraCare.<br \/>\n\u2022 Delicado con la piel, material suave y respirable.<br \/>\n\u2022 Menor humedad gracias a su m\u00e1xima y r\u00e1pida absorci\u00f3n.*<br \/>\n\u2022 Mayor seguridad con sus barreras anti-desbordes m\u00e1s altas<br \/>\n\u2022 Mejor ajuste al cuerpo gracias a su \u00fanico sistema multicierre M\u00e1xima comodidad al mantener su integridad.<br \/>\n\u2022 Sistema de cintas pega y despega cuantas veces quieras.<br \/>\n\u2022 Cintura: De 100 a 140 Cm.<br \/>\n\u2022 Paquete de 22 Unidades.<\/p>\n","protected":false},"excerpt":{"rendered":"<p>Pa\u00f1al adulto plenitud protect<\/p>\n<p>Plenitud Protect es el pa\u00f1al para adultos con incontinecia severa que cuenta con la tecnolog\u00eda m\u00e1s avanzada, la nueva Protecci\u00f3n Total 6.<br \/>\n\u2022 Mayor control de olor gracias a su innovadora tecnolog\u00eda NeutraCare.<br \/>\n\u2022 Delicado con la piel, material suave y respirable.<br \/>\n\u2022 Menor humedad gracias a su m\u00e1xima y r\u00e1pida absorci\u00f3n.*<br \/>\n\u2022 Mayor seguridad con sus barreras anti-desbordes m\u00e1s altas<br \/>\n\u2022 Mejor ajuste al cuerpo gracias a su \u00fanico sistema multicierre M\u00e1xima comodidad al mantener su integridad.<br \/>\n\u2022 Sistema de cintas pega y despega cuantas veces quieras.<br \/>\n\u2022 Cintura: De 100 a 140 Cm.<br \/>\n\u2022 Paquete de 22 Unidades.<\/p>\n","protected":false},"featured_media":1185,"comment_status":"open","ping_status":"closed","template":"","meta":{"_acf_changed":false},"product_brand":[],"product_cat":[214,94],"product_tag":[],"class_list":{"0":"post-1182","1":"product","2":"type-product","3":"status-publish","4":"has-post-thumbnail","6":"product_cat-cuidado-personal","7":"product_cat-insumos-desechables","8":"product_shipping_class-grande","10":"first","11":"outofstock","12":"shipping-taxable","13":"purchasable","14":"product-type-variable"},"acf":[],"_links":{"self":[{"href":"https:\/\/deltamed.cl\/tienda\/wp-json\/wp\/v2\/product\/1182","targetHints":{"allow":["GET"]}}],"collection":[{"href":"https:\/\/deltamed.cl\/tienda\/wp-json\/wp\/v2\/product"}],"about":[{"href":"https:\/\/deltamed.cl\/tienda\/wp-json\/wp\/v2\/types\/product"}],"replies":[{"embeddable":true,"href":"https:\/\/deltamed.cl\/tienda\/wp-json\/wp\/v2\/comments?post=1182"}],"version-history":[{"count":0,"href":"https:\/\/deltamed.cl\/tienda\/wp-json\/wp\/v2\/product\/1182\/revisions"}],"wp:featuredmedia":[{"embeddable":true,"href":"https:\/\/deltamed.cl\/tienda\/wp-json\/wp\/v2\/media\/1185"}],"wp:attachment":[{"href":"https:\/\/deltamed.cl\/tienda\/wp-json\/wp\/v2\/media?parent=1182"}],"wp:term":[{"taxonomy":"product_brand","embeddable":true,"href":"https:\/\/deltamed.cl\/tienda\/wp-json\/wp\/v2\/product_brand?post=1182"},{"taxonomy":"product_cat","embeddable":true,"href":"https:\/\/deltamed.cl\/tienda\/wp-json\/wp\/v2\/product_cat?post=1182"},{"taxonomy":"product_tag","embeddable":true,"href":"https:\/\/deltamed.cl\/tienda\/wp-json\/wp\/v2\/product_tag?post=1182"}],"curies":[{"name":"wp","href":"https:\/\/api.w.org\/{rel}","templated":true}]}}