{"id":11699,"date":"2024-07-05T17:56:41","date_gmt":"2024-07-05T20:56:41","guid":{"rendered":"https:\/\/deltamed.cl\/tienda\/?post_type=product&#038;p=11699"},"modified":"2026-02-27T13:52:32","modified_gmt":"2026-02-27T16:52:32","slug":"sonda-de-aspiracion-cranberry","status":"publish","type":"product","link":"https:\/\/deltamed.cl\/tienda\/producto\/sonda-de-aspiracion-cranberry\/","title":{"rendered":"Sonda de aspiraci\u00f3n Cranberry"},"content":{"rendered":"<p>Sonda de Aspiraci\u00f3n Cranberry<strong><br \/>\nCaja x 100 unidades<\/strong><\/p>\n<p>Esencial para el cuidado respiratorio del paciente. Dise\u00f1ada para ofrecer una aspiraci\u00f3n efectiva y segura, esta sonda es ideal para una variedad de entornos m\u00e9dicos. Con su alta calidad y dise\u00f1o ergon\u00f3mico, la sonda Cranberry asegura comodidad tanto para el paciente como para el profesional de la salud.<br \/>\nEs un producto, suave, hipoalerg\u00e9nico, libre de l\u00e1tex, no toxico, atraum\u00e1tico y resistente.<\/p>\n<h4>Caracter\u00edsticas Principales:<\/h4>\n<ul>\n<li><strong>Material de Alta Calidad:<\/strong> Fabricada con materiales duraderos y seguros, garantiza un rendimiento \u00f3ptimo en cada uso.<br \/>\nproducto no toico, libre de latex,<\/li>\n<li><strong>Dise\u00f1o Ergon\u00f3mico:<\/strong> Facilita el manejo durante los procedimientos, reduciendo la fatiga del usuario.<\/li>\n<li><strong>Variedad de Tama\u00f1os:<\/strong> Disponibles en diferentes medidas para adaptarse a diversas necesidades cl\u00ednicas.<\/li>\n<li><strong>Compatibilidad Universal:<\/strong> Compatible con la mayor\u00eda de los sistemas de aspiraci\u00f3n est\u00e1ndar del mercado.<\/li>\n<li><strong>Uso Seguro y Eficaz:<\/strong> Dise\u00f1ada para minimizar el riesgo de trauma y maximizar la eficiencia en la eliminaci\u00f3n de secreciones.<\/li>\n<li><strong>Precisi\u00f3n y Control:<\/strong> Ofrece una aspiraci\u00f3n precisa, ayudando a mantener las v\u00edas respiratorias del paciente despejadas de manera efectiva.<\/li>\n<li><strong>Versatilidad:<\/strong> Ideal para su uso en hospitales, cl\u00ednicas y atenci\u00f3n domiciliaria.<\/li>\n<li><strong>Higiene y Seguridad:<\/strong> Cada sonda es est\u00e9ril y est\u00e1 empaquetada individualmente para asegurar la m\u00e1xima higiene.<\/li>\n<\/ul>\n<p><strong>Certificaciones:<br \/>\n<\/strong>-ISO 13485- 2016.<br \/>\n-EC certificate production quality assurance system 93\/42\/EEC<strong><br \/>\n<\/strong><\/p>\n","protected":false},"excerpt":{"rendered":"<p>Sonda de aspiraci\u00f3n Cranberry<br \/>\n<strong>Caja x 100 unidades<\/strong><\/p>\n<p>Esencial para el cuidado respiratorio del paciente. Dise\u00f1ada para ofrecer una aspiraci\u00f3n efectiva y segura, esta sonda es ideal para una variedad de entornos m\u00e9dicos. Con su alta calidad y dise\u00f1o ergon\u00f3mico, la sonda Cranberry asegura comodidad tanto para el paciente como para el profesional de la salud.<br \/>\nEs un producto, suave, hipoalerg\u00e9nico, libre de l\u00e1tex, no toxico, atraum\u00e1tico y resistente.<\/p>\n","protected":false},"featured_media":11706,"comment_status":"open","ping_status":"closed","template":"","meta":{"_acf_changed":false},"product_brand":[1087],"product_cat":[738,458,94],"product_tag":[744,470,119,530],"class_list":{"0":"post-11699","1":"product","2":"type-product","3":"status-publish","4":"has-post-thumbnail","6":"product_brand-cranberry","7":"product_cat-sondas","8":"product_cat-nebulizadores","9":"product_cat-insumos-desechables","10":"product_tag-aspiracion","11":"product_tag-bomba-aspiracion","12":"product_tag-cranberry","13":"product_tag-sonda","14":"product_shipping_class-pequeno","16":"first","17":"outofstock","18":"shipping-taxable","19":"purchasable","20":"product-type-variable"},"acf":[],"_links":{"self":[{"href":"https:\/\/deltamed.cl\/tienda\/wp-json\/wp\/v2\/product\/11699","targetHints":{"allow":["GET"]}}],"collection":[{"href":"https:\/\/deltamed.cl\/tienda\/wp-json\/wp\/v2\/product"}],"about":[{"href":"https:\/\/deltamed.cl\/tienda\/wp-json\/wp\/v2\/types\/product"}],"replies":[{"embeddable":true,"href":"https:\/\/deltamed.cl\/tienda\/wp-json\/wp\/v2\/comments?post=11699"}],"version-history":[{"count":2,"href":"https:\/\/deltamed.cl\/tienda\/wp-json\/wp\/v2\/product\/11699\/revisions"}],"predecessor-version":[{"id":11811,"href":"https:\/\/deltamed.cl\/tienda\/wp-json\/wp\/v2\/product\/11699\/revisions\/11811"}],"wp:featuredmedia":[{"embeddable":true,"href":"https:\/\/deltamed.cl\/tienda\/wp-json\/wp\/v2\/media\/11706"}],"wp:attachment":[{"href":"https:\/\/deltamed.cl\/tienda\/wp-json\/wp\/v2\/media?parent=11699"}],"wp:term":[{"taxonomy":"product_brand","embeddable":true,"href":"https:\/\/deltamed.cl\/tienda\/wp-json\/wp\/v2\/product_brand?post=11699"},{"taxonomy":"product_cat","embeddable":true,"href":"https:\/\/deltamed.cl\/tienda\/wp-json\/wp\/v2\/product_cat?post=11699"},{"taxonomy":"product_tag","embeddable":true,"href":"https:\/\/deltamed.cl\/tienda\/wp-json\/wp\/v2\/product_tag?post=11699"}],"curies":[{"name":"wp","href":"https:\/\/api.w.org\/{rel}","templated":true}]}}