{"id":1071,"date":"2021-04-05T17:04:52","date_gmt":"2021-04-05T20:04:52","guid":{"rendered":"https:\/\/deltamed.cl\/tienda\/?post_type=product&#038;p=1071"},"modified":"2026-02-27T13:30:32","modified_gmt":"2026-02-27T16:30:32","slug":"fonendoscopio-littmann-classic-iii-azul-caribe-5623","status":"publish","type":"product","link":"https:\/\/deltamed.cl\/tienda\/producto\/fonendoscopio-littmann-classic-iii-azul-caribe-5623\/","title":{"rendered":"Fonendoscopio Littmann Classic III Azul Caribe 5623"},"content":{"rendered":"<p>Fonendoscopio Littmann Classic III Azul Caribe 5623<\/p>\n<p>Fonendoscopio Littmann\u00ae Classic III posee alta sensibilidad ac\u00fastica para un rendimiento excepcional al hacer evaluaciones f\u00edsicas generales.<\/p>\n<p>Este dispositivo compacto y sensible ofrece una gran sensibilidad ac\u00fastica que proporciona un rendimiento \u00f3ptimo para la monitorizaci\u00f3n y exploraci\u00f3n de pacientes pedi\u00e1tricos y adultos en entornos no cr\u00edticos, como consultas m\u00e9dicas, ginecobstetricia, medicina ambulatoria y urgencias.<\/p>\n<p>Adem\u00e1s, su tecnolog\u00eda de diafragma regulable de doble frecuencia patentada permite escuchar sonidos de diferentes frecuencias con solo ajustar la presi\u00f3n ejercida sobre la membrana, lo que ahorra tiempo y aumenta la comodidad del paciente gracias al anillo de campana antifr\u00edo.<\/p>\n<p>Caracter\u00edsticas:<\/p>\n<ul>\n<li>Cuenta con diafragmas sintonizables duales y un nuevo dise\u00f1o m\u00e1s f\u00e1cil de limpiar.<\/li>\n<li>Campana de dos caras con diafragma sintonizable para auscultar adultos y ni\u00f1os.<\/li>\n<li>Lado Pedi\u00e1trico se convierte en una campana abierta tradicional, sustituyendo el de una sola pieza de diafragma con un borde de protecci\u00f3n contra el fr\u00edo.<\/li>\n<li>El fonendo posee diafragmas sintonizable peque\u00f1o es \u00fatil para pacientes delgados; alrededor de vendajes; y para la evaluaci\u00f3n de la car\u00f3tida<\/li>\n<li>Tubo de nueva generaci\u00f3n proporciona una vida \u00fatil mayor, debido a una mejor resistencia a la grasa de la piel y el alcohol.<\/li>\n<li>Campana de acero inoxidable.<\/li>\n<li>Olivas Snap-ajustados tienen una superficie suave y lisa que constituye un sello ac\u00fastico c\u00f3moda y un ajuste c\u00f3modo.<\/li>\n<\/ul>\n<p>&nbsp;<\/p>\n","protected":false},"excerpt":{"rendered":"<p>Fonendoscopio Littmann Classic III Azul Caribe 5623<\/p>\n<p>Fonendoscopio Littmann\u00ae Classic III posee alta sensibilidad ac\u00fastica para un rendimiento excepcional al hacer evaluaciones f\u00edsicas generales.<\/p>\n<p>Este dispositivo compacto y sensible ofrece una gran sensibilidad ac\u00fastica que proporciona un rendimiento \u00f3ptimo para la monitorizaci\u00f3n y exploraci\u00f3n de pacientes pedi\u00e1tricos y adultos en entornos no cr\u00edticos, como consultas m\u00e9dicas, ginecobstetricia, medicina ambulatoria y urgencias.<\/p>\n<p>Adem\u00e1s, su tecnolog\u00eda de diafragma regulable de doble frecuencia patentada permite escuchar sonidos de diferentes frecuencias con solo ajustar la presi\u00f3n ejercida sobre la membrana, lo que ahorra tiempo y aumenta la comodidad del paciente gracias al anillo de campana antifr\u00edo.<\/p>\n","protected":false},"featured_media":1072,"comment_status":"open","ping_status":"closed","template":"","meta":{"_acf_changed":false},"product_brand":[1114],"product_cat":[15,352],"product_tag":[663],"class_list":{"0":"post-1071","1":"product","2":"type-product","3":"status-publish","4":"has-post-thumbnail","6":"product_brand-littmann","7":"product_cat-medicion-y-diagnostico","8":"product_cat-fonendo","9":"product_tag-littmann","10":"product_shipping_class-pequeno","12":"first","13":"instock","14":"shipping-taxable","15":"purchasable","16":"product-type-simple"},"acf":[],"_links":{"self":[{"href":"https:\/\/deltamed.cl\/tienda\/wp-json\/wp\/v2\/product\/1071","targetHints":{"allow":["GET"]}}],"collection":[{"href":"https:\/\/deltamed.cl\/tienda\/wp-json\/wp\/v2\/product"}],"about":[{"href":"https:\/\/deltamed.cl\/tienda\/wp-json\/wp\/v2\/types\/product"}],"replies":[{"embeddable":true,"href":"https:\/\/deltamed.cl\/tienda\/wp-json\/wp\/v2\/comments?post=1071"}],"version-history":[{"count":2,"href":"https:\/\/deltamed.cl\/tienda\/wp-json\/wp\/v2\/product\/1071\/revisions"}],"predecessor-version":[{"id":8363,"href":"https:\/\/deltamed.cl\/tienda\/wp-json\/wp\/v2\/product\/1071\/revisions\/8363"}],"wp:featuredmedia":[{"embeddable":true,"href":"https:\/\/deltamed.cl\/tienda\/wp-json\/wp\/v2\/media\/1072"}],"wp:attachment":[{"href":"https:\/\/deltamed.cl\/tienda\/wp-json\/wp\/v2\/media?parent=1071"}],"wp:term":[{"taxonomy":"product_brand","embeddable":true,"href":"https:\/\/deltamed.cl\/tienda\/wp-json\/wp\/v2\/product_brand?post=1071"},{"taxonomy":"product_cat","embeddable":true,"href":"https:\/\/deltamed.cl\/tienda\/wp-json\/wp\/v2\/product_cat?post=1071"},{"taxonomy":"product_tag","embeddable":true,"href":"https:\/\/deltamed.cl\/tienda\/wp-json\/wp\/v2\/product_tag?post=1071"}],"curies":[{"name":"wp","href":"https:\/\/api.w.org\/{rel}","templated":true}]}}