{"id":1645,"date":"2025-03-13T11:48:43","date_gmt":"2025-03-13T11:48:43","guid":{"rendered":"https:\/\/deltamed.nexbu.dev\/?page_id=1645"},"modified":"2025-06-26T19:37:56","modified_gmt":"2025-06-26T19:37:56","slug":"politicas-de-privacidad","status":"publish","type":"page","link":"https:\/\/deltamed.cl\/tienda\/politicas-de-privacidad\/","title":{"rendered":"Pol\u00edticas de Privacidad"},"content":{"rendered":"\t\t<div data-elementor-type=\"wp-page\" data-elementor-id=\"1645\" class=\"elementor elementor-1645\" data-elementor-post-type=\"page\">\n\t\t\t\t<div class=\"elementor-element elementor-element-a0f0205 e-flex e-con-boxed e-con e-parent\" data-id=\"a0f0205\" data-element_type=\"container\" data-e-type=\"container\">\n\t\t\t\t\t<div class=\"e-con-inner\">\n\t\t<div class=\"elementor-element elementor-element-5908070 e-con-full e-flex e-con e-child\" data-id=\"5908070\" data-element_type=\"container\" data-e-type=\"container\" data-settings=\"{&quot;background_background&quot;:&quot;classic&quot;}\">\n\t\t\t\t<div class=\"elementor-element elementor-element-59b5114 elementor-widget elementor-widget-heading\" data-id=\"59b5114\" data-element_type=\"widget\" data-e-type=\"widget\" data-widget_type=\"heading.default\">\n\t\t\t\t<div class=\"elementor-widget-container\">\n\t\t\t\t\t<h2 class=\"elementor-heading-title elementor-size-default\">Pol\u00edticas de Privacidad<\/h2>\t\t\t\t<\/div>\n\t\t\t\t<\/div>\n\t\t\t\t<div class=\"elementor-element elementor-element-2bfb8ae elementor-widget elementor-widget-text-editor\" data-id=\"2bfb8ae\" data-element_type=\"widget\" data-e-type=\"widget\" data-widget_type=\"text-editor.default\">\n\t\t\t\t<div class=\"elementor-widget-container\">\n\t\t\t\t\t\t\t\t\t<p><a class=\"c-link\" href=\"http:\/\/deltamed.cl\/\" target=\"_blank\" rel=\"noopener noreferrer\" data-stringify-link=\"http:\/\/Deltamed.cl\" data-sk=\"tooltip_parent\">Deltamed.cl<\/a>\u00a0protege tus datos personales conforme a la Ley 19.628. Al usar nuestro sitio, aceptas esta pol\u00edtica:<\/p>\t\t\t\t\t\t\t\t<\/div>\n\t\t\t\t<\/div>\n\t\t\t\t<\/div>\n\t\t<div class=\"elementor-element elementor-element-d1e4834 e-con-full e-flex e-con e-child\" data-id=\"d1e4834\" data-element_type=\"container\" data-e-type=\"container\">\n\t\t\t\t<\/div>\n\t\t\t\t\t<\/div>\n\t\t\t\t<\/div>\n\t\t\t\t<\/div>\n\t\t","protected":false},"excerpt":{"rendered":"<p>Pol\u00edticas de Privacidad Deltamed.cl\u00a0protege tus datos personales conforme a la Ley 19.628. Al usar nuestro sitio, aceptas esta pol\u00edtica: Datos recopilados Nombre, RUT, direcci\u00f3n, correo electr\u00f3nico, tel\u00e9fono, informaci\u00f3n de pago y direcci\u00f3n IP. Finalidad Emisi\u00f3n de cotizaciones Procesar compras y despachos Gestionar garant\u00edas y cambios Enviar comunicaciones comerciales (con autorizaci\u00f3n previa del cliente) Seguridad Utilizamos [&hellip;]<\/p>\n","protected":false},"author":1,"featured_media":0,"parent":0,"menu_order":0,"comment_status":"closed","ping_status":"closed","template":"","meta":{"_acf_changed":false,"footnotes":""},"class_list":["post-1645","page","type-page","status-publish","hentry"],"acf":[],"_links":{"self":[{"href":"https:\/\/deltamed.cl\/tienda\/wp-json\/wp\/v2\/pages\/1645","targetHints":{"allow":["GET"]}}],"collection":[{"href":"https:\/\/deltamed.cl\/tienda\/wp-json\/wp\/v2\/pages"}],"about":[{"href":"https:\/\/deltamed.cl\/tienda\/wp-json\/wp\/v2\/types\/page"}],"author":[{"embeddable":true,"href":"https:\/\/deltamed.cl\/tienda\/wp-json\/wp\/v2\/users\/1"}],"replies":[{"embeddable":true,"href":"https:\/\/deltamed.cl\/tienda\/wp-json\/wp\/v2\/comments?post=1645"}],"version-history":[{"count":13,"href":"https:\/\/deltamed.cl\/tienda\/wp-json\/wp\/v2\/pages\/1645\/revisions"}],"predecessor-version":[{"id":18922,"href":"https:\/\/deltamed.cl\/tienda\/wp-json\/wp\/v2\/pages\/1645\/revisions\/18922"}],"wp:attachment":[{"href":"https:\/\/deltamed.cl\/tienda\/wp-json\/wp\/v2\/media?parent=1645"}],"curies":[{"name":"wp","href":"https:\/\/api.w.org\/{rel}","templated":true}]}}